CRAN Package Check Results for Package regmedint

Last updated on 2024-02-27 08:55:27 CET.

Flavor Version Tinstall Tcheck Ttotal Status Flags
r-devel-linux-x86_64-debian-clang 1.0.1 9.98 239.13 249.11 OK
r-devel-linux-x86_64-debian-gcc 1.0.1 9.16 177.13 186.29 OK
r-devel-linux-x86_64-fedora-clang 1.0.1 301.60 NOTE
r-devel-linux-x86_64-fedora-gcc 1.0.1 314.82 NOTE
r-devel-windows-x86_64 1.0.1 10.00 187.00 197.00 OK
r-patched-linux-x86_64 1.0.1 9.76 231.74 241.50 OK
r-release-linux-x86_64 1.0.1 10.57 237.85 248.42 OK
r-release-macos-arm64 1.0.1 104.00 OK
r-release-macos-x86_64 1.0.1 212.00 OK
r-release-windows-x86_64 1.0.1 13.00 233.00 246.00 OK
r-oldrel-macos-arm64 1.0.1 101.00 OK
r-oldrel-windows-x86_64 1.0.1 14.00 243.00 257.00 OK

Check Details

Version: 1.0.1
Check: dependencies in R code
Result: NOTE Namespace in Imports field not imported from: ‘Deriv’ All declared Imports should be used. Flavors: r-devel-linux-x86_64-fedora-clang, r-devel-linux-x86_64-fedora-gcc