CRAN Package Check Results for Package relations

Last updated on 2024-02-25 08:53:11 CET.

Flavor Version Tinstall Tcheck Ttotal Status Flags
r-devel-linux-x86_64-debian-clang 0.6-13 12.69 101.01 113.70 OK
r-devel-linux-x86_64-debian-gcc 0.6-13 9.19 74.11 83.30 OK
r-devel-linux-x86_64-fedora-clang 0.6-13 136.81 NOTE
r-devel-linux-x86_64-fedora-gcc 0.6-13 144.89 NOTE
r-devel-windows-x86_64 0.6-13 11.00 113.00 124.00 NOTE
r-patched-linux-x86_64 0.6-13 13.44 98.62 112.06 OK
r-release-linux-x86_64 0.6-13 9.19 98.79 107.98 OK
r-release-macos-arm64 0.6-13 51.00 NOTE
r-release-macos-x86_64 0.6-13 82.00 NOTE
r-release-windows-x86_64 0.6-13 11.00 119.00 130.00 NOTE
r-oldrel-macos-arm64 0.6-13 45.00 NOTE
r-oldrel-windows-x86_64 0.6-13 15.00 123.00 138.00 NOTE

Check Details

Version: 0.6-13
Check: package dependencies
Result: NOTE Package which this enhances but not available for checking: ‘Rcplex’ Flavors: r-devel-linux-x86_64-fedora-clang, r-devel-linux-x86_64-fedora-gcc, r-devel-windows-x86_64, r-release-macos-arm64, r-release-macos-x86_64, r-release-windows-x86_64, r-oldrel-macos-arm64, r-oldrel-windows-x86_64

Version: 0.6-13
Check: Rd cross-references
Result: NOTE Undeclared package ‘graph’ in Rd xrefs Flavor: r-devel-linux-x86_64-fedora-clang