CRAN Package Check Results for Package rematch2

Last updated on 2024-02-29 00:55:51 CET.

Flavor Version Tinstall Tcheck Ttotal Status Flags
r-devel-linux-x86_64-debian-clang 2.1.2 4.66 40.11 44.77 NOTE
r-devel-linux-x86_64-debian-gcc 2.1.2 3.47 30.98 34.45 NOTE
r-devel-linux-x86_64-fedora-clang 2.1.2 55.19 NOTE
r-devel-linux-x86_64-fedora-gcc 2.1.2 52.09 NOTE
r-devel-windows-x86_64 2.1.2 5.00 52.00 57.00 NOTE
r-patched-linux-x86_64 2.1.2 3.94 39.34 43.28 NOTE
r-release-linux-x86_64 2.1.2 4.56 39.08 43.64 NOTE
r-release-macos-arm64 2.1.2 24.00 NOTE
r-release-macos-x86_64 2.1.2 31.00 NOTE
r-release-windows-x86_64 2.1.2 6.00 55.00 61.00 NOTE
r-oldrel-macos-arm64 2.1.2 19.00 NOTE
r-oldrel-windows-x86_64 2.1.2 6.00 61.00 67.00 NOTE

Check Details

Version: 2.1.2
Check: LazyData
Result: NOTE 'LazyData' is specified without a 'data' directory Flavors: r-devel-linux-x86_64-debian-clang, r-devel-linux-x86_64-debian-gcc, r-devel-linux-x86_64-fedora-clang, r-devel-linux-x86_64-fedora-gcc, r-devel-windows-x86_64, r-patched-linux-x86_64, r-release-linux-x86_64, r-release-macos-arm64, r-release-macos-x86_64, r-release-windows-x86_64, r-oldrel-macos-arm64, r-oldrel-windows-x86_64

Version: 2.1.2
Check: Rd cross-references
Result: NOTE Undeclared package ‘magrittr’ in Rd xrefs Flavor: r-devel-linux-x86_64-fedora-clang