CRAN Package Check Results for Package remiod

Last updated on 2024-02-26 00:50:56 CET.

Flavor Version Tinstall Tcheck Ttotal Status Flags
r-devel-linux-x86_64-debian-clang 1.0.2 20.63 206.94 227.57 OK
r-devel-linux-x86_64-debian-gcc 1.0.2 14.06 151.68 165.74 OK
r-devel-linux-x86_64-fedora-clang 1.0.2 267.32 OK
r-devel-linux-x86_64-fedora-gcc 1.0.2 276.00 OK
r-devel-windows-x86_64 1.0.2 16.00 156.00 172.00 OK
r-patched-linux-x86_64 1.0.2 13.30 200.56 213.86 OK
r-release-linux-x86_64 1.0.2 12.53 196.81 209.34 OK
r-release-macos-arm64 1.0.2 89.00 OK
r-release-macos-x86_64 1.0.2 129.00 NOTE
r-release-windows-x86_64 1.0.2 22.00 196.00 218.00 OK
r-oldrel-macos-arm64 1.0.2 87.00 OK
r-oldrel-windows-x86_64 1.0.2 22.00 193.00 215.00 OK

Check Details

Version: 1.0.2
Check: package dependencies
Result: NOTE Package suggested but not available for checking: ‘ggpubr’ Flavor: r-release-macos-x86_64