Last updated on 2024-05-21 16:53:29 CEST.
Flavor | Version | Tinstall | Tcheck | Ttotal | Status | Flags |
---|---|---|---|---|---|---|
r-devel-linux-x86_64-debian-clang | 3.2.2 | 100.89 | 65.00 | 165.89 | OK | |
r-devel-linux-x86_64-debian-gcc | 3.2.2 | 70.86 | 49.03 | 119.89 | OK | |
r-devel-linux-x86_64-fedora-clang | 3.2.2 | 239.37 | OK | |||
r-devel-linux-x86_64-fedora-gcc | 3.2.2 | 249.15 | OK | |||
r-devel-windows-x86_64 | 3.2.2 | 74.00 | 107.00 | 181.00 | OK | |
r-patched-linux-x86_64 | 3.2.1 | 99.80 | 59.85 | 159.65 | OK | |
r-release-linux-x86_64 | 3.2.2 | 86.42 | 60.91 | 147.33 | OK | |
r-release-macos-arm64 | 3.2.2 | 75.00 | NOTE | |||
r-release-macos-x86_64 | 3.2.2 | 123.00 | NOTE | |||
r-release-windows-x86_64 | 3.2.2 | 75.00 | 105.00 | 180.00 | OK | |
r-oldrel-macos-arm64 | 3.2.2 | 61.00 | NOTE | |||
r-oldrel-macos-x86_64 | 3.2.2 | 115.00 | NOTE | |||
r-oldrel-windows-x86_64 | 3.2.2 | 92.00 | 121.00 | 213.00 | OK |
Version: 3.2.2
Check: installed package size
Result: NOTE
installed size is 7.1Mb
sub-directories of 1Mb or more:
libs 6.5Mb
Flavors: r-release-macos-arm64, r-release-macos-x86_64, r-oldrel-macos-arm64, r-oldrel-macos-x86_64