CRAN Package Check Results for Package rentrez

Last updated on 2024-02-29 15:53:56 CET.

Flavor Version Tinstall Tcheck Ttotal Status Flags
r-devel-linux-x86_64-debian-clang 1.2.3 4.10 41.93 46.03 NOTE
r-devel-linux-x86_64-debian-gcc 1.2.3 2.84 32.64 35.48 NOTE
r-devel-linux-x86_64-fedora-clang 1.2.3 57.99 NOTE
r-devel-linux-x86_64-fedora-gcc 1.2.3 68.12 NOTE
r-devel-windows-x86_64 1.2.3 4.00 57.00 61.00 NOTE --no-vignettes
r-patched-linux-x86_64 1.2.3 7.93 42.57 50.50 OK
r-release-linux-x86_64 1.2.3 3.39 41.32 44.71 OK
r-release-macos-arm64 1.2.3 27.00 OK
r-release-macos-x86_64 1.2.3 41.00 OK
r-release-windows-x86_64 1.2.3 6.00 58.00 64.00 OK --no-vignettes
r-oldrel-macos-arm64 1.2.3 22.00 OK
r-oldrel-windows-x86_64 1.2.3 6.00 64.00 70.00 OK --no-vignettes

Check Details

Version: 1.2.3
Check: Rd files
Result: NOTE checkRd: (-1) rentrez.Rd:17-21: Lost braces 17 | /enumerated{ | ^ Flavors: r-devel-linux-x86_64-debian-clang, r-devel-linux-x86_64-debian-gcc, r-devel-linux-x86_64-fedora-clang, r-devel-linux-x86_64-fedora-gcc

Version: 1.2.3
Flags: --no-vignettes
Check: Rd files
Result: NOTE checkRd: (-1) rentrez.Rd:17-21: Lost braces 17 | /enumerated{ | ^ Flavor: r-devel-windows-x86_64