Last updated on 2024-05-21 16:53:29 CEST.
Flavor | Version | Tinstall | Tcheck | Ttotal | Status | Flags |
---|---|---|---|---|---|---|
r-devel-linux-x86_64-debian-clang | 0.1.0 | 2.98 | 22.52 | 25.50 | OK | |
r-devel-linux-x86_64-debian-gcc | 0.1.0 | 2.76 | 17.06 | 19.82 | OK | |
r-devel-linux-x86_64-fedora-clang | 0.1.0 | 32.89 | NOTE | |||
r-devel-linux-x86_64-fedora-gcc | 0.1.0 | 31.21 | NOTE | |||
r-devel-windows-x86_64 | 0.1.0 | 4.00 | 36.00 | 40.00 | OK | |
r-patched-linux-x86_64 | 0.1.0 | 3.75 | 21.75 | 25.50 | OK | |
r-release-linux-x86_64 | 0.1.0 | 3.27 | 21.92 | 25.19 | OK | |
r-release-macos-arm64 | 0.1.0 | 14.00 | OK | |||
r-release-windows-x86_64 | 0.1.0 | 4.00 | 36.00 | 40.00 | OK | |
r-oldrel-macos-arm64 | 0.1.0 | 18.00 | OK | |||
r-oldrel-macos-x86_64 | 0.1.0 | 21.00 | OK | |||
r-oldrel-windows-x86_64 | 0.1.0 | 5.00 | 37.00 | 42.00 | OK |
Version: 0.1.0
Check: data for non-ASCII characters
Result: NOTE
Note: found 6034 marked UTF-8 strings
Flavors: r-devel-linux-x86_64-fedora-clang, r-devel-linux-x86_64-fedora-gcc