CRAN Package Check Results for Package repmod

Last updated on 2024-02-24 16:48:31 CET.

Flavor Version Tinstall Tcheck Ttotal Status Flags
r-devel-linux-x86_64-debian-clang 0.1.7 3.38 36.35 39.73 NOTE
r-devel-linux-x86_64-debian-gcc 0.1.7 3.32 27.28 30.60 NOTE
r-devel-linux-x86_64-fedora-clang 0.1.7 52.59 NOTE
r-devel-linux-x86_64-fedora-gcc 0.1.7 50.57 NOTE
r-devel-windows-x86_64 0.1.7 5.00 51.00 56.00 NOTE
r-patched-linux-x86_64 0.1.7 4.76 35.21 39.97 NOTE
r-release-linux-x86_64 0.1.7 4.06 34.87 38.93 NOTE
r-release-macos-arm64 0.1.7 20.00 NOTE
r-release-macos-x86_64 0.1.7 26.00 NOTE
r-release-windows-x86_64 0.1.7 6.00 53.00 59.00 NOTE
r-oldrel-macos-arm64 0.1.7 21.00 NOTE
r-oldrel-windows-x86_64 0.1.7 7.00 55.00 62.00 NOTE

Check Details

Version: 0.1.7
Check: LazyData
Result: NOTE 'LazyData' is specified without a 'data' directory Flavors: r-devel-linux-x86_64-debian-clang, r-devel-linux-x86_64-debian-gcc, r-devel-linux-x86_64-fedora-clang, r-devel-linux-x86_64-fedora-gcc, r-devel-windows-x86_64, r-patched-linux-x86_64, r-release-linux-x86_64, r-release-macos-arm64, r-release-macos-x86_64, r-release-windows-x86_64, r-oldrel-macos-arm64, r-oldrel-windows-x86_64