CRAN Package Check Results for Package repurrrsive

Last updated on 2024-02-28 00:56:31 CET.

Flavor Version Tinstall Tcheck Ttotal Status Flags
r-devel-linux-x86_64-debian-clang 1.1.0 5.99 50.60 56.59 OK
r-devel-linux-x86_64-debian-gcc 1.1.0 3.62 38.30 41.92 OK
r-devel-linux-x86_64-fedora-clang 1.1.0 67.84 NOTE
r-devel-linux-x86_64-fedora-gcc 1.1.0 64.79 NOTE
r-devel-windows-x86_64 1.1.0 6.00 66.00 72.00 OK
r-patched-linux-x86_64 1.1.0 5.04 49.29 54.33 OK
r-release-linux-x86_64 1.1.0 3.91 49.07 52.98 OK
r-release-macos-arm64 1.1.0 26.00 OK
r-release-macos-x86_64 1.1.0 34.00 OK
r-release-windows-x86_64 1.1.0 9.00 69.00 78.00 OK
r-oldrel-macos-arm64 1.1.0 28.00 OK
r-oldrel-windows-x86_64 1.1.0 7.00 75.00 82.00 OK

Check Details

Version: 1.1.0
Check: Rd cross-references
Result: NOTE Undeclared package ‘wesanderson’ in Rd xrefs Flavor: r-devel-linux-x86_64-fedora-clang

Version: 1.1.0
Check: data for non-ASCII characters
Result: NOTE Note: found 25 marked UTF-8 strings Flavors: r-devel-linux-x86_64-fedora-clang, r-devel-linux-x86_64-fedora-gcc