CRAN Package Check Results for Package resample

Last updated on 2024-04-12 01:00:38 CEST.

Flavor Version Tinstall Tcheck Ttotal Status Flags
r-devel-linux-x86_64-debian-clang 0.6 2.98 37.37 40.35 NOTE
r-devel-linux-x86_64-debian-gcc 0.6 2.44 27.36 29.80 NOTE
r-devel-linux-x86_64-fedora-clang 0.6 48.99 NOTE
r-devel-linux-x86_64-fedora-gcc 0.6 46.98 NOTE
r-devel-windows-x86_64 0.6 3.00 51.00 54.00 NOTE
r-patched-linux-x86_64 0.6 3.23 35.76 38.99 NOTE
r-release-linux-x86_64 0.6 2.84 35.55 38.39 OK
r-release-macos-arm64 0.6 19.00 OK
r-release-macos-x86_64 0.6 29.00 OK
r-release-windows-x86_64 0.6 5.00 53.00 58.00 OK
r-oldrel-macos-arm64 0.6 23.00 OK
r-oldrel-windows-x86_64 0.6 6.00 60.00 66.00 OK

Check Details

Version: 0.6
Check: Rd files
Result: NOTE checkRd: (-1) ExpandProbs.Rd:35: Lost braces; missing escapes or markup? 35 | {z_probs2 sqrt((n-1)/n) = t_probs,n-1} | ^ Flavors: r-devel-linux-x86_64-debian-clang, r-devel-linux-x86_64-debian-gcc, r-devel-linux-x86_64-fedora-clang, r-devel-linux-x86_64-fedora-gcc, r-devel-windows-x86_64, r-patched-linux-x86_64