CRAN Package Check Results for Package reshape2

Last updated on 2023-12-04 16:53:38 CET.

Flavor Version Tinstall Tcheck Ttotal Status Flags
r-devel-linux-x86_64-debian-clang 1.4.4 23.99 42.92 66.91 NOTE
r-devel-linux-x86_64-debian-gcc 1.4.4 16.82 32.37 49.19 NOTE
r-devel-linux-x86_64-fedora-clang 1.4.4 89.28 NOTE
r-devel-linux-x86_64-fedora-gcc 1.4.4 86.62 NOTE
r-devel-windows-x86_64 1.4.4 20.00 71.00 91.00 NOTE
r-patched-linux-x86_64 1.4.4 18.10 41.36 59.46 NOTE
r-release-linux-x86_64 1.4.4 22.06 41.02 63.08 NOTE
r-release-macos-arm64 1.4.4 27.00 NOTE
r-release-macos-x86_64 1.4.4 46.00 NOTE
r-release-windows-x86_64 1.4.4 26.00 81.00 107.00 NOTE
r-oldrel-macos-arm64 1.4.4 22.00 OK
r-oldrel-macos-x86_64 1.4.4 34.00 OK
r-oldrel-windows-x86_64 1.4.4 23.00 78.00 101.00 OK

Check Details

Version: 1.4.4
Check: Rd files
Result: NOTE checkRd: (-1) cast.Rd:45: Escaped LaTeX specials: \_ checkRd: (-1) cast.Rd:46: Escaped LaTeX specials: \_ Flavors: r-devel-linux-x86_64-debian-clang, r-devel-linux-x86_64-debian-gcc, r-devel-linux-x86_64-fedora-clang, r-devel-linux-x86_64-fedora-gcc, r-devel-windows-x86_64, r-patched-linux-x86_64, r-release-linux-x86_64, r-release-macos-arm64, r-release-macos-x86_64, r-release-windows-x86_64