CRAN Package Check Results for Package respR

Last updated on 2024-03-03 01:00:54 CET.

Flavor Version Tinstall Tcheck Ttotal Status Flags
r-devel-linux-x86_64-debian-clang 2.3.2 26.82 1016.71 1043.53 OK
r-devel-linux-x86_64-debian-gcc 2.3.2 14.93 911.71 926.64 OK
r-devel-linux-x86_64-fedora-clang 2.3.2 2098.04 ERROR
r-devel-linux-x86_64-fedora-gcc 2.3.2 932.61 OK
r-devel-windows-x86_64 2.3.2 19.00 685.00 704.00 OK
r-patched-linux-x86_64 2.3.2 27.67 1094.86 1122.53 OK
r-release-linux-x86_64 2.3.2 13.34 1060.77 1074.11 OK
r-release-macos-arm64 2.3.2 355.00 OK
r-release-macos-x86_64 2.3.2 1303.00 OK
r-release-windows-x86_64 2.3.2 28.00 902.00 930.00 OK
r-oldrel-macos-arm64 2.3.2 349.00 OK
r-oldrel-windows-x86_64 2.3.2 26.00 895.00 921.00 OK

Check Details

Version: 2.3.2
Check: tests
Result: ERROR Running ‘testthat.R’ [1855s/276s] Running the tests in ‘tests/testthat.R’ failed. Complete output: > library(testthat) > library(respR) > data("urchins.rd") > data("sardine.rd") > data("squid.rd") > data("intermittent.rd") > data("flowthrough.rd") > data("flowthrough_mult.rd") > > test_check("respR") Flavor: r-devel-linux-x86_64-fedora-clang