Last updated on 2024-03-27 23:59:55 CET.
Flavor | Version | Tinstall | Tcheck | Ttotal | Status | Flags |
---|---|---|---|---|---|---|
r-devel-linux-x86_64-debian-clang | 1.5.3 | 63.56 | 503.67 | 567.23 | OK | |
r-devel-linux-x86_64-debian-gcc | 1.5.3 | 49.90 | 359.80 | 409.70 | OK | |
r-devel-linux-x86_64-fedora-clang | 1.5.3 | 683.44 | OK | |||
r-devel-linux-x86_64-fedora-gcc | 1.5.3 | 695.54 | OK | |||
r-devel-windows-x86_64 | 1.5.3 | 50.00 | 377.00 | 427.00 | OK | |
r-patched-linux-x86_64 | 1.5.3 | 63.12 | 484.86 | 547.98 | OK | |
r-release-linux-x86_64 | 1.5.3 | 42.45 | 483.47 | 525.92 | OK | |
r-release-macos-arm64 | 1.5.3 | 147.00 | NOTE | |||
r-release-macos-x86_64 | 1.5.3 | 403.00 | NOTE | |||
r-release-windows-x86_64 | 1.5.3 | 64.00 | 482.00 | 546.00 | OK | |
r-oldrel-macos-arm64 | 1.5.3 | 158.00 | NOTE | |||
r-oldrel-windows-x86_64 | 1.5.3 | 62.00 | 481.00 | 543.00 | OK |
Version: 1.5.3
Check: installed package size
Result: NOTE
installed size is 5.4Mb
sub-directories of 1Mb or more:
libs 4.2Mb
Flavors: r-release-macos-arm64, r-release-macos-x86_64, r-oldrel-macos-arm64