CRAN Package Check Results for Package rfUtilities

Last updated on 2024-02-25 01:01:15 CET.

Flavor Version Tinstall Tcheck Ttotal Status Flags
r-devel-linux-x86_64-debian-clang 2.1-5 5.88 49.32 55.20 NOTE
r-devel-linux-x86_64-debian-gcc 2.1-5 4.34 38.27 42.61 NOTE
r-devel-linux-x86_64-fedora-clang 2.1-5 68.12 NOTE
r-devel-linux-x86_64-fedora-gcc 2.1-5 65.49 NOTE
r-devel-windows-x86_64 2.1-5 5.00 62.00 67.00 NOTE
r-patched-linux-x86_64 2.1-5 7.03 50.72 57.75 NOTE
r-release-linux-x86_64 2.1-5 5.08 47.97 53.05 NOTE
r-release-macos-arm64 2.1-5 25.00 NOTE
r-release-macos-x86_64 2.1-5 40.00 NOTE
r-release-windows-x86_64 2.1-5 6.00 68.00 74.00 NOTE
r-oldrel-macos-arm64 2.1-5 27.00 NOTE
r-oldrel-windows-x86_64 2.1-5 7.00 68.00 75.00 NOTE

Check Details

Version: 2.1-5
Check: package namespace information
Result: NOTE Found export directive that requires package ‘methods’: ‘exportClasses’ Remove all such namespace directives (if obsolete) or ensure that the DESCRIPTION Depends or Imports field contains ‘methods’. Flavors: r-devel-linux-x86_64-debian-clang, r-devel-linux-x86_64-debian-gcc, r-devel-linux-x86_64-fedora-clang, r-devel-linux-x86_64-fedora-gcc, r-devel-windows-x86_64

Version: 2.1-5
Check: Rd files
Result: NOTE checkRd: (-1) logLoss.Rd:11: Lost braces; missing escapes or markup? 11 | \item{y}{vector of observed binomial values {0,1}} | ^ checkRd: (-1) logLoss.Rd:13: Lost braces; missing escapes or markup? 13 | \item{p}{vector of predicted probabilities {0-1}} | ^ checkRd: (-1) logLoss.Rd:35: Lost braces; missing escapes or markup? 35 | in {0,1} and estimated probability yp that yt = 1, the log loss is derived as: | ^ checkRd: (-1) rf.modelSel.Rd:30: Lost braces in \itemize; \value handles \item{}{} directly checkRd: (-1) rf.modelSel.Rd:31: Lost braces in \itemize; \value handles \item{}{} directly checkRd: (-1) rf.modelSel.Rd:32: Lost braces in \itemize; \value handles \item{}{} directly checkRd: (-1) rf.modelSel.Rd:33: Lost braces in \itemize; \value handles \item{}{} directly checkRd: (-1) rf.modelSel.Rd:34: Lost braces in \itemize; \value handles \item{}{} directly checkRd: (-1) rf.modelSel.Rd:35: Lost braces in \itemize; \value handles \item{}{} directly checkRd: (-1) rf.modelSel.Rd:36: Lost braces in \itemize; \value handles \item{}{} directly Flavors: r-devel-linux-x86_64-debian-clang, r-devel-linux-x86_64-debian-gcc

Version: 2.1-5
Check: LazyData
Result: NOTE 'LazyData' is specified without a 'data' directory Flavors: r-devel-linux-x86_64-debian-clang, r-devel-linux-x86_64-debian-gcc, r-devel-linux-x86_64-fedora-clang, r-devel-linux-x86_64-fedora-gcc, r-devel-windows-x86_64, r-patched-linux-x86_64, r-release-linux-x86_64, r-release-macos-arm64, r-release-macos-x86_64, r-release-windows-x86_64, r-oldrel-macos-arm64, r-oldrel-windows-x86_64