Last updated on 2024-05-21 16:53:29 CEST.
Flavor | Version | Tinstall | Tcheck | Ttotal | Status | Flags |
---|---|---|---|---|---|---|
r-devel-linux-x86_64-debian-clang | 1.3 | 6.86 | 50.34 | 57.20 | OK | |
r-devel-linux-x86_64-debian-gcc | 1.3 | 5.01 | 38.88 | 43.89 | OK | |
r-devel-linux-x86_64-fedora-clang | 1.3 | 69.43 | NOTE | |||
r-devel-linux-x86_64-fedora-gcc | 1.3 | 65.74 | NOTE | |||
r-devel-windows-x86_64 | 1.3 | 6.00 | 56.00 | 62.00 | OK | |
r-patched-linux-x86_64 | 1.3 | 5.76 | 48.42 | 54.18 | OK | |
r-release-linux-x86_64 | 1.3 | 4.66 | 49.10 | 53.76 | OK | |
r-release-macos-arm64 | 1.3 | 26.00 | OK | |||
r-release-macos-x86_64 | 1.3 | 62.00 | OK | |||
r-release-windows-x86_64 | 1.3 | 7.00 | 56.00 | 63.00 | OK | |
r-oldrel-macos-arm64 | 1.3 | 34.00 | OK | |||
r-oldrel-macos-x86_64 | 1.3 | 58.00 | OK | |||
r-oldrel-windows-x86_64 | 1.3 | 8.00 | 62.00 | 70.00 | OK |
Version: 1.3
Check: dependencies in R code
Result: NOTE
Namespace in Imports field not imported from: ‘hoardr’
All declared Imports should be used.
Flavors: r-devel-linux-x86_64-fedora-clang, r-devel-linux-x86_64-fedora-gcc