CRAN Package Check Results for Package rgoogleclassroom

Last updated on 2024-02-29 15:53:57 CET.

Flavor Version Tinstall Tcheck Ttotal Status Flags
r-devel-linux-x86_64-debian-clang 0.9.1 3.99 46.42 50.41 OK
r-devel-linux-x86_64-debian-gcc 0.9.1 4.03 35.64 39.67 OK
r-devel-linux-x86_64-fedora-clang 0.9.1 64.35 NOTE
r-devel-linux-x86_64-fedora-gcc 0.9.1 73.87 NOTE
r-devel-windows-x86_64 0.9.1 6.00 63.00 69.00 OK
r-patched-linux-x86_64 0.9.1 12.14 45.93 58.07 OK
r-release-linux-x86_64 0.9.1 3.75 44.52 48.27 OK
r-release-macos-arm64 0.9.1 27.00 OK
r-release-macos-x86_64 0.9.1 47.00 OK
r-release-windows-x86_64 0.9.1 9.00 65.00 74.00 OK
r-oldrel-macos-arm64 0.9.1 25.00 OK
r-oldrel-windows-x86_64 0.9.1 8.00 65.00 73.00 OK

Check Details

Version: 0.9.1
Check: dependencies in R code
Result: NOTE Namespaces in Imports field not imported from: ‘attempt’ ‘curl’ ‘knitr’ All declared Imports should be used. Flavors: r-devel-linux-x86_64-fedora-clang, r-devel-linux-x86_64-fedora-gcc