CRAN Package Check Results for Package rgugik

Last updated on 2024-02-26 00:50:57 CET.

Flavor Version Tinstall Tcheck Ttotal Status Flags
r-devel-linux-x86_64-debian-clang 0.4.0 3.78 49.09 52.87 OK
r-devel-linux-x86_64-debian-gcc 0.4.0 2.89 38.04 40.93 OK
r-devel-linux-x86_64-fedora-clang 0.4.0 65.34 NOTE
r-devel-linux-x86_64-fedora-gcc 0.4.0 73.21 NOTE
r-devel-windows-x86_64 0.4.0 5.00 67.00 72.00 OK
r-patched-linux-x86_64 0.4.0 3.00 47.50 50.50 OK
r-release-linux-x86_64 0.4.0 2.71 48.09 50.80 OK
r-release-macos-arm64 0.4.0 33.00 OK
r-release-macos-x86_64 0.4.0 49.00 OK
r-release-windows-x86_64 0.4.0 5.00 68.00 73.00 OK
r-oldrel-macos-arm64 0.4.0 26.00 OK
r-oldrel-windows-x86_64 0.4.0 6.00 66.00 72.00 OK

Check Details

Version: 0.4.0
Check: data for non-ASCII characters
Result: NOTE Note: found 1473 marked UTF-8 strings Flavors: r-devel-linux-x86_64-fedora-clang, r-devel-linux-x86_64-fedora-gcc