Last updated on 2023-12-04 00:52:54 CET.
Flavor | Version | Tinstall | Tcheck | Ttotal | Status | Flags |
---|---|---|---|---|---|---|
r-devel-linux-x86_64-debian-clang | 0.2.3 | 3.07 | 33.37 | 36.44 | NOTE | |
r-devel-linux-x86_64-debian-gcc | 0.2.3 | 2.18 | 25.73 | 27.91 | NOTE | |
r-devel-linux-x86_64-fedora-clang | 0.2.3 | 46.37 | OK | |||
r-devel-linux-x86_64-fedora-gcc | 0.2.3 | 44.41 | OK | |||
r-devel-windows-x86_64 | 0.2.3 | 3.00 | 52.00 | 55.00 | OK | |
r-patched-linux-x86_64 | 0.2.3 | 2.44 | 32.26 | 34.70 | OK | |
r-release-linux-x86_64 | 0.2.3 | 2.47 | 32.50 | 34.97 | OK | |
r-release-macos-arm64 | 0.2.3 | 21.00 | OK | |||
r-release-macos-x86_64 | 0.2.3 | 46.00 | OK | |||
r-release-windows-x86_64 | 0.2.3 | 3.00 | 54.00 | 57.00 | OK | |
r-oldrel-macos-arm64 | 0.2.3 | 20.00 | OK | |||
r-oldrel-macos-x86_64 | 0.2.3 | 26.00 | OK | |||
r-oldrel-windows-x86_64 | 0.2.3 | 5.00 | 57.00 | 62.00 | OK |
Version: 0.2.3
Check: Rd files
Result: NOTE
checkRd: (-1) correct_sign.Rd:23: Lost braces in \itemize; \value handles \item{}{} directly
checkRd: (-1) correct_sign.Rd:24: Lost braces in \itemize; \value handles \item{}{} directly
Flavors: r-devel-linux-x86_64-debian-clang, r-devel-linux-x86_64-debian-gcc