CRAN Package Check Results for Package rjsoncons

Last updated on 2024-03-03 01:00:54 CET.

Flavor Version Tinstall Tcheck Ttotal Status Flags
r-devel-linux-x86_64-debian-clang 1.2.0 94.03 30.48 124.51 OK
r-devel-linux-x86_64-debian-gcc 1.2.0 96.17 23.85 120.02 OK
r-devel-linux-x86_64-fedora-clang 1.2.0 152.03 NOTE
r-devel-linux-x86_64-fedora-gcc 1.2.0 216.05 OK
r-devel-windows-x86_64 1.2.0 75.00 82.00 157.00 NOTE
r-patched-linux-x86_64 1.2.0 102.94 29.24 132.18 OK
r-release-linux-x86_64 1.2.0 109.89 30.06 139.95 OK
r-release-macos-arm64 1.2.0 63.00 NOTE
r-release-macos-x86_64 1.2.0 176.00 NOTE
r-release-windows-x86_64 1.2.0 72.00 90.00 162.00 NOTE
r-oldrel-macos-arm64 1.2.0 57.00 NOTE
r-oldrel-windows-x86_64 1.2.0 95.00 89.00 184.00 NOTE

Check Details

Version: 1.2.0
Check: installed package size
Result: NOTE installed size is 6.5Mb sub-directories of 1Mb or more: include 3.2Mb libs 2.5Mb Flavors: r-devel-linux-x86_64-fedora-clang, r-devel-windows-x86_64, r-release-macos-arm64, r-release-macos-x86_64, r-release-windows-x86_64, r-oldrel-macos-arm64, r-oldrel-windows-x86_64