CRAN Package Check Results for Package rlang

Last updated on 2023-11-28 16:48:31 CET.

Flavor Version Tinstall Tcheck Ttotal Status Flags
r-devel-linux-x86_64-debian-clang 1.1.2 22.36 326.11 348.47 WARN
r-devel-linux-x86_64-debian-gcc 1.1.2 17.10 244.63 261.73 OK
r-devel-linux-x86_64-fedora-clang 1.1.2 431.11 WARN
r-devel-linux-x86_64-fedora-gcc 1.1.2 428.12 OK
r-devel-windows-x86_64 1.1.2 27.00 267.00 294.00 OK
r-patched-linux-x86_64 1.1.2 33.06 306.88 339.94 OK
r-release-linux-x86_64 1.1.2 24.01 313.56 337.57 OK
r-release-macos-arm64 1.1.2 124.00 OK
r-release-macos-x86_64 1.1.2 383.00 OK
r-release-windows-x86_64 1.1.2 30.00 345.00 375.00 OK
r-oldrel-macos-arm64 1.1.2 98.00 OK
r-oldrel-macos-x86_64 1.1.1 155.00 OK
r-oldrel-windows-x86_64 1.1.2 39.00 299.00 338.00 OK

Check Details

Version: 1.1.2
Check: whether package can be installed
Result: WARN Found the following significant warnings: ./internal/tests.c:104:14: warning: format string is not a string literal (potentially insecure) [-Wformat-security] ./internal/tests.c:108:12: warning: format string is not a string literal (potentially insecure) [-Wformat-security] ./internal/tests.c:113:24: warning: format string is not a string literal (potentially insecure) [-Wformat-security] ./internal/tests.c:117:22: warning: format string is not a string literal (potentially insecure) [-Wformat-security] See ‘/home/hornik/tmp/R.check/r-devel-clang/Work/PKGS/rlang.Rcheck/00install.out’ for details. * used C compiler: ‘Debian clang version 17.0.5 (1)’ Flavor: r-devel-linux-x86_64-debian-clang

Version: 1.1.2
Check: whether package can be installed
Result: WARN Found the following significant warnings: ./internal/tests.c:104:14: warning: format string is not a string literal (potentially insecure) [-Wformat-security] ./internal/tests.c:108:12: warning: format string is not a string literal (potentially insecure) [-Wformat-security] ./internal/tests.c:113:24: warning: format string is not a string literal (potentially insecure) [-Wformat-security] ./internal/tests.c:117:22: warning: format string is not a string literal (potentially insecure) [-Wformat-security] See ‘/data/gannet/ripley/R/packages/tests-clang/rlang.Rcheck/00install.out’ for details. * used C compiler: ‘clang version 17.0.5’ Flavor: r-devel-linux-x86_64-fedora-clang