CRAN Package Check Results for Package rlang

Last updated on 2024-05-22 16:53:59 CEST.

Flavor Version Tinstall Tcheck Ttotal Status Flags
r-devel-linux-x86_64-debian-clang 1.1.3 24.25 318.66 342.91 ERROR
r-devel-linux-x86_64-debian-gcc 1.1.3 15.28 228.46 243.74 ERROR
r-devel-linux-x86_64-fedora-clang 1.1.3 447.67 ERROR
r-devel-linux-x86_64-fedora-gcc 1.1.3 397.01 ERROR
r-devel-windows-x86_64 1.1.3 31.00 262.00 293.00 ERROR
r-patched-linux-x86_64 1.1.3 29.78 299.70 329.48 OK
r-release-linux-x86_64 1.1.3 23.91 301.22 325.13 OK
r-release-macos-arm64 1.1.3 52.00 ERROR
r-release-macos-x86_64 1.1.3 53.00 NOTE
r-release-windows-x86_64 1.1.3 29.00 268.00 297.00 OK
r-oldrel-macos-arm64 1.1.3 128.00 OK
r-oldrel-macos-x86_64 1.1.3 334.00 OK
r-oldrel-windows-x86_64 1.1.3 31.00 325.00 356.00 OK

Check Details

Version: 1.1.3
Check: compiled code
Result: NOTE File ‘rlang/libs/rlang.so’: Found non-API calls to R: ‘R_ClosureExpr’, ‘R_PromiseExpr’, ‘SETLENGTH’, ‘SET_ENCLOS’, ‘SET_ENVFLAGS’, ‘SET_TRUELENGTH’ Compiled code should not call non-API entry points in R. See ‘Writing portable packages’ in the ‘Writing R Extensions’ manual. Flavors: r-devel-linux-x86_64-debian-clang, r-devel-linux-x86_64-debian-gcc, r-devel-linux-x86_64-fedora-clang, r-devel-linux-x86_64-fedora-gcc

Version: 1.1.3
Check: tests
Result: ERROR Running ‘sink.R’ [1s/1s] Running ‘testthat.R’ [197s/239s] Running the tests in ‘tests/testthat.R’ failed. Complete output: > # Workaround for loadNamespace() failure on R 3.2 > requireNamespace("rlang") Loading required namespace: rlang > > library("testthat") > library("rlang") Attaching package: 'rlang' The following objects are masked from 'package:testthat': is_false, is_null, is_true > > test_check("rlang") [ FAIL 1 | WARN 0 | SKIP 250 | PASS 3875 ] ══ Skipped tests (250) ═════════════════════════════════════════════════════════ • !compiled_by_gcc() is TRUE (1): 'test-c-api.R:1092:3' • Can't profile memory on this system. (2): 'test-dots.R:355:3', 'test-dots.R:369:5' • Cannot set MBCS locale (1): 'test-utils.R:4:15' • Disabled (1): 'test-call.R:255:3' • Failing (1): 'test-env-binding.R:257:3' • No UTF-8 marker with this version of libiconv. (5): 'test-deprecated.R:17:3', 'test-encoding.R:2:3', 'test-encoding.R:19:3', 'test-env-binding.R:398:5', 'test-nse-defuse.R:229:3' • Not on Windows (1): 'test-encoding.R:28:3' • On CRAN (236): 'test-arg.R:6:3', 'test-arg.R:13:3', 'test-arg.R:22:3', 'test-arg.R:58:3', 'test-arg.R:69:3', 'test-arg.R:83:3', 'test-arg.R:221:3', 'test-arg.R:237:3', 'test-arg.R:244:3', 'test-arg.R:256:3', 'test-arg.R:264:3', 'test-arg.R:276:3', 'test-arg.R:309:3', 'test-arg.R:321:3', 'test-arg.R:329:3', 'test-attr.R:17:3', 'test-bytes.R:57:3', 'test-bytes.R:128:3', 'test-c-api.R:1194:3', 'test-call.R:355:3', 'test-cnd-abort.R:49:3', 'test-cnd-abort.R:90:3', 'test-cnd-abort.R:114:3', 'test-cnd-abort.R:134:3', 'test-cnd-abort.R:153:3', 'test-cnd-abort.R:260:9', 'test-cnd-abort.R:260:9', 'test-cnd-abort.R:260:9', 'test-cnd-abort.R:260:9', 'test-cnd-abort.R:260:9', 'test-cnd-abort.R:260:9', 'test-cnd-abort.R:260:9', 'test-cnd-abort.R:260:9', 'test-cnd-abort.R:260:9', 'test-cnd-abort.R:275:3', 'test-cnd-abort.R:301:3', 'test-cnd-abort.R:329:3', 'test-cnd-abort.R:335:3', 'test-cnd-abort.R:358:3', 'test-cnd-abort.R:392:3', 'test-cnd-abort.R:447:3', 'test-cnd-abort.R:474:3', 'test-cnd-abort.R:531:3', 'test-cnd-abort.R:543:3', 'test-cnd-abort.R:550:3', 'test-cnd-abort.R:558:3', 'test-cnd-abort.R:565:3', 'test-cnd-abort.R:573:3', 'test-cnd-abort.R:580:3', 'test-cnd-abort.R:591:3', 'test-cnd-abort.R:602:3', 'test-cnd-abort.R:611:3', 'test-cnd-abort.R:618:3', 'test-cnd-abort.R:670:3', 'test-cnd-abort.R:695:3', 'test-cnd-abort.R:752:3', 'test-cnd-abort.R:773:3', 'test-cnd-abort.R:813:3', 'test-cnd-abort.R:845:3', 'test-cnd-abort.R:861:3', 'test-cnd-abort.R:875:3', 'test-cnd-entrace.R:162:3', 'test-cnd-entrace.R:228:3', 'test-cnd-entrace.R:234:3', 'test-cnd-entrace.R:350:3', 'test-cnd-entrace.R:358:3', 'test-cnd-handlers.R:17:3', 'test-cnd-handlers.R:42:3', 'test-cnd-message.R:94:3', 'test-cnd-message.R:103:3', 'test-cnd-message.R:201:3', 'test-cnd-message.R:201:3', 'test-cnd-message.R:201:3', 'test-cnd-message.R:201:3', 'test-cnd-message.R:223:3', 'test-cnd-message.R:223:3', 'test-cnd-message.R:227:3', 'test-cnd-message.R:246:3', 'test-cnd-message.R:260:3', 'test-cnd-message.R:266:3', 'test-cnd-message.R:303:3', 'test-cnd-message.R:324:3', 'test-cnd-message.R:338:3', 'test-cnd-message.R:464:3', 'test-cnd-message.R:497:3', 'test-cnd-message.R:502:3', 'test-cnd-message.R:546:3', 'test-cnd-message.R:556:3', 'test-cnd-signal.R:69:3', 'test-cnd-signal.R:213:3', 'test-cnd-signal.R:261:3', 'test-cnd-signal.R:286:3', 'test-cnd-signal.R:350:3', 'test-cnd.R:22:3', 'test-cnd.R:43:3', 'test-cnd.R:76:3', 'test-cnd.R:112:3', 'test-cnd.R:134:3', 'test-cnd.R:144:3', 'test-cnd.R:150:3', 'test-cnd.R:156:3', 'test-cnd.R:176:3', 'test-cnd.R:207:3', 'test-cnd.R:233:3', 'test-cnd.R:258:3', 'test-cnd.R:284:3', 'test-cnd.R:301:3', 'test-cnd.R:325:3', 'test-cnd.R:334:3', 'test-cnd.R:355:3', 'test-deparse.R:128:3', 'test-deparse.R:286:3', 'test-deparse.R:409:3', 'test-deparse.R:418:3', 'test-deparse.R:447:3', 'test-dots-ellipsis.R:22:3', 'test-dots-ellipsis.R:39:3', 'test-dots-ellipsis.R:55:3', 'test-dots-ellipsis.R:111:3', 'test-dots-ellipsis.R:122:3', 'test-dots-ellipsis.R:134:3', 'test-dots.R:69:3', 'test-dots.R:244:3', 'test-dots.R:320:3', 'test-dots.R:351:3', 'test-env-binding.R:156:3', 'test-env.R:594:3', 'test-eval-tidy.R:513:3', 'test-eval-tidy.R:530:3', 'test-fn.R:317:3', 'test-fn.R:331:3', 'test-friendly-type.R:174:3', 'test-lifecycle.R:116:3', 'test-nse-defuse.R:95:5', 'test-nse-defuse.R:416:3', 'test-nse-defuse.R:520:3', 'test-nse-defuse.R:526:3', 'test-nse-defuse.R:618:3', 'test-nse-inject.R:650:3', 'test-nse-inject.R:686:3', 'test-nse-inject.R:827:3', 'test-operators.R:36:3', 'test-operators.R:45:3', 'test-parse.R:16:3', 'test-s3.R:70:3', 'test-session.R:9:3', 'test-session.R:17:3', 'test-session.R:42:3', 'test-session.R:55:3', 'test-session.R:135:3', 'test-session.R:173:3', 'test-session.R:192:3', 'test-session.R:202:3', 'test-session.R:212:3', 'test-stack.R:62:3', 'test-standalone-cli.R:4:3', 'test-standalone-cli.R:4:3', 'test-standalone-cli.R:27:3', 'test-standalone-cli.R:27:3', 'test-standalone-cli.R:50:3', 'test-standalone-cli.R:50:3', 'test-standalone-cli.R:57:3', 'test-standalone-cli.R:57:3', 'test-standalone-cli.R:105:3', 'test-standalone-cli.R:105:3', 'test-standalone-cli.R:105:3', 'test-standalone-cli.R:105:3', 'test-standalone-cli.R:116:3', 'test-standalone-cli.R:116:3', 'test-standalone-cli.R:116:3', 'test-standalone-cli.R:116:3', 'test-standalone-cli.R:127:3', 'test-standalone-cli.R:127:3', 'test-standalone-cli.R:127:3', 'test-standalone-cli.R:127:3', 'test-standalone-cli.R:141:3', 'test-standalone-cli.R:141:3', 'test-standalone-downstream-deps.R:50:3', 'test-standalone-obj-type.R:25:3', 'test-standalone-rlang.R:23:5', 'test-standalone-rlang.R:34:3', 'test-standalone-types-check.R:7:3', 'test-standalone-types-check.R:24:3', 'test-standalone-types-check.R:40:3', 'test-standalone-types-check.R:67:3', 'test-standalone-types-check.R:98:3', 'test-standalone-types-check.R:118:3', 'test-standalone-types-check.R:132:3', 'test-standalone-types-check.R:145:3', 'test-standalone-types-check.R:161:3', 'test-standalone-types-check.R:178:3', 'test-standalone-types-check.R:188:3', 'test-standalone-types-check.R:198:3', 'test-standalone-vctrs.R:151:3', 'test-standalone-vctrs.R:180:3', 'test-standalone-vctrs.R:225:3', 'test-state.R:19:3', 'test-sym.R:4:3', 'test-sym.R:36:3', 'test-trace.R:8:3', 'test-trace.R:36:3', 'test-trace.R:103:3', 'test-trace.R:137:3', 'test-trace.R:151:3', 'test-trace.R:164:3', 'test-trace.R:187:3', 'test-trace.R:205:3', 'test-trace.R:217:3', 'test-trace.R:252:3', 'test-trace.R:285:3', 'test-trace.R:303:3', 'test-trace.R:323:3', 'test-trace.R:328:3', 'test-trace.R:338:3', 'test-trace.R:360:3', 'test-trace.R:372:3', 'test-trace.R:395:3', 'test-trace.R:403:3', 'test-trace.R:417:3', 'test-trace.R:467:3', 'test-trace.R:564:3', 'test-trace.R:580:3', 'test-trace.R:587:3', 'test-trace.R:592:3', 'test-trace.R:618:3', 'test-trace.R:630:3', 'test-trace.R:653:3', 'test-trace.R:666:3', 'test-trace.R:684:3', 'test-trace.R:697:3', 'test-trace.R:708:3', 'test-trace.R:720:3', 'test-trace.R:731:3', 'test-trace.R:754:3', 'test-trace.R:774:3', 'test-types.R:142:3' • R7 cannot be loaded (1): 'test-standalone-obj-type.R:19:3' • getRversion() >= "4.0" is TRUE (1): 'test-cnd-entrace.R:275:3' ══ Failed tests ════════════════════════════════════════════════════════════════ ── Error ('test-eval-tidy.R:465:3'): eval_tidy() does not infloop when the quosure inherits from the mask ── Error in `eval_tidy(quo, mask)`: cycles in parent chains are not allowed Backtrace: ▆ 1. ├─testthat::expect_identical(eval_tidy(quo, mask), 1) at test-eval-tidy.R:465:3 2. │ └─testthat::quasi_label(enquo(object), label, arg = "object") 3. │ └─rlang::eval_bare(expr, quo_get_env(quo)) 4. └─rlang::eval_tidy(quo, mask) [ FAIL 1 | WARN 0 | SKIP 250 | PASS 3875 ] Error: Test failures Execution halted Flavor: r-devel-linux-x86_64-debian-clang

Version: 1.1.3
Check: tests
Result: ERROR Running ‘sink.R’ [0s/1s] Running ‘testthat.R’ [141s/221s] Running the tests in ‘tests/testthat.R’ failed. Complete output: > # Workaround for loadNamespace() failure on R 3.2 > requireNamespace("rlang") Loading required namespace: rlang > > library("testthat") > library("rlang") Attaching package: 'rlang' The following objects are masked from 'package:testthat': is_false, is_null, is_true > > test_check("rlang") [ FAIL 1 | WARN 0 | SKIP 250 | PASS 3877 ] ══ Skipped tests (250) ═════════════════════════════════════════════════════════ • Can't profile memory on this system. (2): 'test-dots.R:355:3', 'test-dots.R:369:5' • Cannot set MBCS locale (1): 'test-utils.R:4:15' • Disabled (1): 'test-call.R:255:3' • Failing (1): 'test-env-binding.R:257:3' • No UTF-8 marker with this version of libiconv. (5): 'test-deprecated.R:17:3', 'test-encoding.R:2:3', 'test-encoding.R:19:3', 'test-env-binding.R:398:5', 'test-nse-defuse.R:229:3' • Not on Windows (1): 'test-encoding.R:28:3' • On CRAN (237): 'test-arg.R:6:3', 'test-arg.R:13:3', 'test-arg.R:22:3', 'test-arg.R:58:3', 'test-arg.R:69:3', 'test-arg.R:83:3', 'test-arg.R:221:3', 'test-arg.R:237:3', 'test-arg.R:244:3', 'test-arg.R:256:3', 'test-arg.R:264:3', 'test-arg.R:276:3', 'test-arg.R:309:3', 'test-arg.R:321:3', 'test-arg.R:329:3', 'test-attr.R:17:3', 'test-bytes.R:57:3', 'test-bytes.R:128:3', 'test-c-api.R:1094:3', 'test-c-api.R:1194:3', 'test-call.R:355:3', 'test-cnd-abort.R:49:3', 'test-cnd-abort.R:90:3', 'test-cnd-abort.R:114:3', 'test-cnd-abort.R:134:3', 'test-cnd-abort.R:153:3', 'test-cnd-abort.R:260:9', 'test-cnd-abort.R:260:9', 'test-cnd-abort.R:260:9', 'test-cnd-abort.R:260:9', 'test-cnd-abort.R:260:9', 'test-cnd-abort.R:260:9', 'test-cnd-abort.R:260:9', 'test-cnd-abort.R:260:9', 'test-cnd-abort.R:260:9', 'test-cnd-abort.R:275:3', 'test-cnd-abort.R:301:3', 'test-cnd-abort.R:329:3', 'test-cnd-abort.R:335:3', 'test-cnd-abort.R:358:3', 'test-cnd-abort.R:392:3', 'test-cnd-abort.R:447:3', 'test-cnd-abort.R:474:3', 'test-cnd-abort.R:531:3', 'test-cnd-abort.R:543:3', 'test-cnd-abort.R:550:3', 'test-cnd-abort.R:558:3', 'test-cnd-abort.R:565:3', 'test-cnd-abort.R:573:3', 'test-cnd-abort.R:580:3', 'test-cnd-abort.R:591:3', 'test-cnd-abort.R:602:3', 'test-cnd-abort.R:611:3', 'test-cnd-abort.R:618:3', 'test-cnd-abort.R:670:3', 'test-cnd-abort.R:695:3', 'test-cnd-abort.R:752:3', 'test-cnd-abort.R:773:3', 'test-cnd-abort.R:813:3', 'test-cnd-abort.R:845:3', 'test-cnd-abort.R:861:3', 'test-cnd-abort.R:875:3', 'test-cnd-entrace.R:162:3', 'test-cnd-entrace.R:228:3', 'test-cnd-entrace.R:234:3', 'test-cnd-entrace.R:350:3', 'test-cnd-entrace.R:358:3', 'test-cnd-handlers.R:17:3', 'test-cnd-handlers.R:42:3', 'test-cnd-message.R:94:3', 'test-cnd-message.R:103:3', 'test-cnd-message.R:201:3', 'test-cnd-message.R:201:3', 'test-cnd-message.R:201:3', 'test-cnd-message.R:201:3', 'test-cnd-message.R:223:3', 'test-cnd-message.R:223:3', 'test-cnd-message.R:227:3', 'test-cnd-message.R:246:3', 'test-cnd-message.R:260:3', 'test-cnd-message.R:266:3', 'test-cnd-message.R:303:3', 'test-cnd-message.R:324:3', 'test-cnd-message.R:338:3', 'test-cnd-message.R:464:3', 'test-cnd-message.R:497:3', 'test-cnd-message.R:502:3', 'test-cnd-message.R:546:3', 'test-cnd-message.R:556:3', 'test-cnd-signal.R:69:3', 'test-cnd-signal.R:213:3', 'test-cnd-signal.R:261:3', 'test-cnd-signal.R:286:3', 'test-cnd-signal.R:350:3', 'test-cnd.R:22:3', 'test-cnd.R:43:3', 'test-cnd.R:76:3', 'test-cnd.R:112:3', 'test-cnd.R:134:3', 'test-cnd.R:144:3', 'test-cnd.R:150:3', 'test-cnd.R:156:3', 'test-cnd.R:176:3', 'test-cnd.R:207:3', 'test-cnd.R:233:3', 'test-cnd.R:258:3', 'test-cnd.R:284:3', 'test-cnd.R:301:3', 'test-cnd.R:325:3', 'test-cnd.R:334:3', 'test-cnd.R:355:3', 'test-deparse.R:128:3', 'test-deparse.R:286:3', 'test-deparse.R:409:3', 'test-deparse.R:418:3', 'test-deparse.R:447:3', 'test-dots-ellipsis.R:22:3', 'test-dots-ellipsis.R:39:3', 'test-dots-ellipsis.R:55:3', 'test-dots-ellipsis.R:111:3', 'test-dots-ellipsis.R:122:3', 'test-dots-ellipsis.R:134:3', 'test-dots.R:69:3', 'test-dots.R:244:3', 'test-dots.R:320:3', 'test-dots.R:351:3', 'test-env-binding.R:156:3', 'test-env.R:594:3', 'test-eval-tidy.R:513:3', 'test-eval-tidy.R:530:3', 'test-fn.R:317:3', 'test-fn.R:331:3', 'test-friendly-type.R:174:3', 'test-lifecycle.R:116:3', 'test-nse-defuse.R:95:5', 'test-nse-defuse.R:416:3', 'test-nse-defuse.R:520:3', 'test-nse-defuse.R:526:3', 'test-nse-defuse.R:618:3', 'test-nse-inject.R:650:3', 'test-nse-inject.R:686:3', 'test-nse-inject.R:827:3', 'test-operators.R:36:3', 'test-operators.R:45:3', 'test-parse.R:16:3', 'test-s3.R:70:3', 'test-session.R:9:3', 'test-session.R:17:3', 'test-session.R:42:3', 'test-session.R:55:3', 'test-session.R:135:3', 'test-session.R:173:3', 'test-session.R:192:3', 'test-session.R:202:3', 'test-session.R:212:3', 'test-stack.R:62:3', 'test-standalone-cli.R:4:3', 'test-standalone-cli.R:4:3', 'test-standalone-cli.R:27:3', 'test-standalone-cli.R:27:3', 'test-standalone-cli.R:50:3', 'test-standalone-cli.R:50:3', 'test-standalone-cli.R:57:3', 'test-standalone-cli.R:57:3', 'test-standalone-cli.R:105:3', 'test-standalone-cli.R:105:3', 'test-standalone-cli.R:105:3', 'test-standalone-cli.R:105:3', 'test-standalone-cli.R:116:3', 'test-standalone-cli.R:116:3', 'test-standalone-cli.R:116:3', 'test-standalone-cli.R:116:3', 'test-standalone-cli.R:127:3', 'test-standalone-cli.R:127:3', 'test-standalone-cli.R:127:3', 'test-standalone-cli.R:127:3', 'test-standalone-cli.R:141:3', 'test-standalone-cli.R:141:3', 'test-standalone-downstream-deps.R:50:3', 'test-standalone-obj-type.R:25:3', 'test-standalone-rlang.R:23:5', 'test-standalone-rlang.R:34:3', 'test-standalone-types-check.R:7:3', 'test-standalone-types-check.R:24:3', 'test-standalone-types-check.R:40:3', 'test-standalone-types-check.R:67:3', 'test-standalone-types-check.R:98:3', 'test-standalone-types-check.R:118:3', 'test-standalone-types-check.R:132:3', 'test-standalone-types-check.R:145:3', 'test-standalone-types-check.R:161:3', 'test-standalone-types-check.R:178:3', 'test-standalone-types-check.R:188:3', 'test-standalone-types-check.R:198:3', 'test-standalone-vctrs.R:151:3', 'test-standalone-vctrs.R:180:3', 'test-standalone-vctrs.R:225:3', 'test-state.R:19:3', 'test-sym.R:4:3', 'test-sym.R:36:3', 'test-trace.R:8:3', 'test-trace.R:36:3', 'test-trace.R:103:3', 'test-trace.R:137:3', 'test-trace.R:151:3', 'test-trace.R:164:3', 'test-trace.R:187:3', 'test-trace.R:205:3', 'test-trace.R:217:3', 'test-trace.R:252:3', 'test-trace.R:285:3', 'test-trace.R:303:3', 'test-trace.R:323:3', 'test-trace.R:328:3', 'test-trace.R:338:3', 'test-trace.R:360:3', 'test-trace.R:372:3', 'test-trace.R:395:3', 'test-trace.R:403:3', 'test-trace.R:417:3', 'test-trace.R:467:3', 'test-trace.R:564:3', 'test-trace.R:580:3', 'test-trace.R:587:3', 'test-trace.R:592:3', 'test-trace.R:618:3', 'test-trace.R:630:3', 'test-trace.R:653:3', 'test-trace.R:666:3', 'test-trace.R:684:3', 'test-trace.R:697:3', 'test-trace.R:708:3', 'test-trace.R:720:3', 'test-trace.R:731:3', 'test-trace.R:754:3', 'test-trace.R:774:3', 'test-types.R:142:3' • R7 cannot be loaded (1): 'test-standalone-obj-type.R:19:3' • getRversion() >= "4.0" is TRUE (1): 'test-cnd-entrace.R:275:3' ══ Failed tests ════════════════════════════════════════════════════════════════ ── Error ('test-eval-tidy.R:465:3'): eval_tidy() does not infloop when the quosure inherits from the mask ── Error in `eval_tidy(quo, mask)`: cycles in parent chains are not allowed Backtrace: ▆ 1. ├─testthat::expect_identical(eval_tidy(quo, mask), 1) at test-eval-tidy.R:465:3 2. │ └─testthat::quasi_label(enquo(object), label, arg = "object") 3. │ └─rlang::eval_bare(expr, quo_get_env(quo)) 4. └─rlang::eval_tidy(quo, mask) [ FAIL 1 | WARN 0 | SKIP 250 | PASS 3877 ] Error: Test failures Execution halted Flavor: r-devel-linux-x86_64-debian-gcc

Version: 1.1.3
Check: package dependencies
Result: NOTE Package which this enhances but not available for checking: ‘winch’ Flavors: r-devel-linux-x86_64-fedora-clang, r-devel-linux-x86_64-fedora-gcc

Version: 1.1.3
Check: tests
Result: ERROR Running ‘sink.R’ Running ‘testthat.R’ [4m/14m] Running the tests in ‘tests/testthat.R’ failed. Complete output: > # Workaround for loadNamespace() failure on R 3.2 > requireNamespace("rlang") Loading required namespace: rlang > > library("testthat") > library("rlang") Attaching package: 'rlang' The following objects are masked from 'package:testthat': is_false, is_null, is_true > > test_check("rlang") [ FAIL 1 | WARN 0 | SKIP 250 | PASS 3875 ] ══ Skipped tests (250) ═════════════════════════════════════════════════════════ • !compiled_by_gcc() is TRUE (1): 'test-c-api.R:1092:3' • Can't profile memory on this system. (2): 'test-dots.R:355:3', 'test-dots.R:369:5' • Cannot set MBCS locale (1): 'test-utils.R:4:15' • Disabled (1): 'test-call.R:255:3' • Failing (1): 'test-env-binding.R:257:3' • No UTF-8 marker with this version of libiconv. (5): 'test-deprecated.R:17:3', 'test-encoding.R:2:3', 'test-encoding.R:19:3', 'test-env-binding.R:398:5', 'test-nse-defuse.R:229:3' • Not on Windows (1): 'test-encoding.R:28:3' • On CRAN (236): 'test-arg.R:6:3', 'test-arg.R:13:3', 'test-arg.R:22:3', 'test-arg.R:58:3', 'test-arg.R:69:3', 'test-arg.R:83:3', 'test-arg.R:221:3', 'test-arg.R:237:3', 'test-arg.R:244:3', 'test-arg.R:256:3', 'test-arg.R:264:3', 'test-arg.R:276:3', 'test-arg.R:309:3', 'test-arg.R:321:3', 'test-arg.R:329:3', 'test-attr.R:17:3', 'test-bytes.R:57:3', 'test-bytes.R:128:3', 'test-c-api.R:1194:3', 'test-call.R:355:3', 'test-cnd-abort.R:49:3', 'test-cnd-abort.R:90:3', 'test-cnd-abort.R:114:3', 'test-cnd-abort.R:134:3', 'test-cnd-abort.R:153:3', 'test-cnd-abort.R:260:9', 'test-cnd-abort.R:260:9', 'test-cnd-abort.R:260:9', 'test-cnd-abort.R:260:9', 'test-cnd-abort.R:260:9', 'test-cnd-abort.R:260:9', 'test-cnd-abort.R:260:9', 'test-cnd-abort.R:260:9', 'test-cnd-abort.R:260:9', 'test-cnd-abort.R:275:3', 'test-cnd-abort.R:301:3', 'test-cnd-abort.R:329:3', 'test-cnd-abort.R:335:3', 'test-cnd-abort.R:358:3', 'test-cnd-abort.R:392:3', 'test-cnd-abort.R:447:3', 'test-cnd-abort.R:474:3', 'test-cnd-abort.R:531:3', 'test-cnd-abort.R:543:3', 'test-cnd-abort.R:550:3', 'test-cnd-abort.R:558:3', 'test-cnd-abort.R:565:3', 'test-cnd-abort.R:573:3', 'test-cnd-abort.R:580:3', 'test-cnd-abort.R:591:3', 'test-cnd-abort.R:602:3', 'test-cnd-abort.R:611:3', 'test-cnd-abort.R:618:3', 'test-cnd-abort.R:670:3', 'test-cnd-abort.R:695:3', 'test-cnd-abort.R:752:3', 'test-cnd-abort.R:773:3', 'test-cnd-abort.R:813:3', 'test-cnd-abort.R:845:3', 'test-cnd-abort.R:861:3', 'test-cnd-abort.R:875:3', 'test-cnd-entrace.R:162:3', 'test-cnd-entrace.R:228:3', 'test-cnd-entrace.R:234:3', 'test-cnd-entrace.R:350:3', 'test-cnd-entrace.R:358:3', 'test-cnd-handlers.R:17:3', 'test-cnd-handlers.R:42:3', 'test-cnd-message.R:94:3', 'test-cnd-message.R:103:3', 'test-cnd-message.R:201:3', 'test-cnd-message.R:201:3', 'test-cnd-message.R:201:3', 'test-cnd-message.R:201:3', 'test-cnd-message.R:223:3', 'test-cnd-message.R:223:3', 'test-cnd-message.R:227:3', 'test-cnd-message.R:246:3', 'test-cnd-message.R:260:3', 'test-cnd-message.R:266:3', 'test-cnd-message.R:303:3', 'test-cnd-message.R:324:3', 'test-cnd-message.R:338:3', 'test-cnd-message.R:464:3', 'test-cnd-message.R:497:3', 'test-cnd-message.R:502:3', 'test-cnd-message.R:546:3', 'test-cnd-message.R:556:3', 'test-cnd-signal.R:69:3', 'test-cnd-signal.R:213:3', 'test-cnd-signal.R:261:3', 'test-cnd-signal.R:286:3', 'test-cnd-signal.R:350:3', 'test-cnd.R:22:3', 'test-cnd.R:43:3', 'test-cnd.R:76:3', 'test-cnd.R:112:3', 'test-cnd.R:134:3', 'test-cnd.R:144:3', 'test-cnd.R:150:3', 'test-cnd.R:156:3', 'test-cnd.R:176:3', 'test-cnd.R:207:3', 'test-cnd.R:233:3', 'test-cnd.R:258:3', 'test-cnd.R:284:3', 'test-cnd.R:301:3', 'test-cnd.R:325:3', 'test-cnd.R:334:3', 'test-cnd.R:355:3', 'test-deparse.R:128:3', 'test-deparse.R:286:3', 'test-deparse.R:409:3', 'test-deparse.R:418:3', 'test-deparse.R:447:3', 'test-dots-ellipsis.R:22:3', 'test-dots-ellipsis.R:39:3', 'test-dots-ellipsis.R:55:3', 'test-dots-ellipsis.R:111:3', 'test-dots-ellipsis.R:122:3', 'test-dots-ellipsis.R:134:3', 'test-dots.R:69:3', 'test-dots.R:244:3', 'test-dots.R:320:3', 'test-dots.R:351:3', 'test-env-binding.R:156:3', 'test-env.R:594:3', 'test-eval-tidy.R:513:3', 'test-eval-tidy.R:530:3', 'test-fn.R:317:3', 'test-fn.R:331:3', 'test-friendly-type.R:174:3', 'test-lifecycle.R:116:3', 'test-nse-defuse.R:95:5', 'test-nse-defuse.R:416:3', 'test-nse-defuse.R:520:3', 'test-nse-defuse.R:526:3', 'test-nse-defuse.R:618:3', 'test-nse-inject.R:650:3', 'test-nse-inject.R:686:3', 'test-nse-inject.R:827:3', 'test-operators.R:36:3', 'test-operators.R:45:3', 'test-parse.R:16:3', 'test-s3.R:70:3', 'test-session.R:9:3', 'test-session.R:17:3', 'test-session.R:42:3', 'test-session.R:55:3', 'test-session.R:135:3', 'test-session.R:173:3', 'test-session.R:192:3', 'test-session.R:202:3', 'test-session.R:212:3', 'test-stack.R:62:3', 'test-standalone-cli.R:4:3', 'test-standalone-cli.R:4:3', 'test-standalone-cli.R:27:3', 'test-standalone-cli.R:27:3', 'test-standalone-cli.R:50:3', 'test-standalone-cli.R:50:3', 'test-standalone-cli.R:57:3', 'test-standalone-cli.R:57:3', 'test-standalone-cli.R:105:3', 'test-standalone-cli.R:105:3', 'test-standalone-cli.R:105:3', 'test-standalone-cli.R:105:3', 'test-standalone-cli.R:116:3', 'test-standalone-cli.R:116:3', 'test-standalone-cli.R:116:3', 'test-standalone-cli.R:116:3', 'test-standalone-cli.R:127:3', 'test-standalone-cli.R:127:3', 'test-standalone-cli.R:127:3', 'test-standalone-cli.R:127:3', 'test-standalone-cli.R:141:3', 'test-standalone-cli.R:141:3', 'test-standalone-downstream-deps.R:50:3', 'test-standalone-obj-type.R:25:3', 'test-standalone-rlang.R:23:5', 'test-standalone-rlang.R:34:3', 'test-standalone-types-check.R:7:3', 'test-standalone-types-check.R:24:3', 'test-standalone-types-check.R:40:3', 'test-standalone-types-check.R:67:3', 'test-standalone-types-check.R:98:3', 'test-standalone-types-check.R:118:3', 'test-standalone-types-check.R:132:3', 'test-standalone-types-check.R:145:3', 'test-standalone-types-check.R:161:3', 'test-standalone-types-check.R:178:3', 'test-standalone-types-check.R:188:3', 'test-standalone-types-check.R:198:3', 'test-standalone-vctrs.R:151:3', 'test-standalone-vctrs.R:180:3', 'test-standalone-vctrs.R:225:3', 'test-state.R:19:3', 'test-sym.R:4:3', 'test-sym.R:36:3', 'test-trace.R:8:3', 'test-trace.R:36:3', 'test-trace.R:103:3', 'test-trace.R:137:3', 'test-trace.R:151:3', 'test-trace.R:164:3', 'test-trace.R:187:3', 'test-trace.R:205:3', 'test-trace.R:217:3', 'test-trace.R:252:3', 'test-trace.R:285:3', 'test-trace.R:303:3', 'test-trace.R:323:3', 'test-trace.R:328:3', 'test-trace.R:338:3', 'test-trace.R:360:3', 'test-trace.R:372:3', 'test-trace.R:395:3', 'test-trace.R:403:3', 'test-trace.R:417:3', 'test-trace.R:467:3', 'test-trace.R:564:3', 'test-trace.R:580:3', 'test-trace.R:587:3', 'test-trace.R:592:3', 'test-trace.R:618:3', 'test-trace.R:630:3', 'test-trace.R:653:3', 'test-trace.R:666:3', 'test-trace.R:684:3', 'test-trace.R:697:3', 'test-trace.R:708:3', 'test-trace.R:720:3', 'test-trace.R:731:3', 'test-trace.R:754:3', 'test-trace.R:774:3', 'test-types.R:142:3' • R7 cannot be loaded (1): 'test-standalone-obj-type.R:19:3' • getRversion() >= "4.0" is TRUE (1): 'test-cnd-entrace.R:275:3' ══ Failed tests ════════════════════════════════════════════════════════════════ ── Error ('test-eval-tidy.R:465:3'): eval_tidy() does not infloop when the quosure inherits from the mask ── Error in `eval_tidy(quo, mask)`: cycles in parent chains are not allowed Backtrace: ▆ 1. ├─testthat::expect_identical(eval_tidy(quo, mask), 1) at test-eval-tidy.R:465:3 2. │ └─testthat::quasi_label(enquo(object), label, arg = "object") 3. │ └─rlang::eval_bare(expr, quo_get_env(quo)) 4. └─rlang::eval_tidy(quo, mask) [ FAIL 1 | WARN 0 | SKIP 250 | PASS 3875 ] Error: Test failures Execution halted Flavor: r-devel-linux-x86_64-fedora-clang

Version: 1.1.3
Check: tests
Result: ERROR Running ‘sink.R’ Running ‘testthat.R’ [221s/278s] Running the tests in ‘tests/testthat.R’ failed. Complete output: > # Workaround for loadNamespace() failure on R 3.2 > requireNamespace("rlang") Loading required namespace: rlang > > library("testthat") > library("rlang") Attaching package: 'rlang' The following objects are masked from 'package:testthat': is_false, is_null, is_true > > test_check("rlang") [ FAIL 1 | WARN 0 | SKIP 250 | PASS 3877 ] ══ Skipped tests (250) ═════════════════════════════════════════════════════════ • Can't profile memory on this system. (2): 'test-dots.R:355:3', 'test-dots.R:369:5' • Cannot set MBCS locale (1): 'test-utils.R:4:15' • Disabled (1): 'test-call.R:255:3' • Failing (1): 'test-env-binding.R:257:3' • No UTF-8 marker with this version of libiconv. (5): 'test-deprecated.R:17:3', 'test-encoding.R:2:3', 'test-encoding.R:19:3', 'test-env-binding.R:398:5', 'test-nse-defuse.R:229:3' • Not on Windows (1): 'test-encoding.R:28:3' • On CRAN (237): 'test-arg.R:6:3', 'test-arg.R:13:3', 'test-arg.R:22:3', 'test-arg.R:58:3', 'test-arg.R:69:3', 'test-arg.R:83:3', 'test-arg.R:221:3', 'test-arg.R:237:3', 'test-arg.R:244:3', 'test-arg.R:256:3', 'test-arg.R:264:3', 'test-arg.R:276:3', 'test-arg.R:309:3', 'test-arg.R:321:3', 'test-arg.R:329:3', 'test-attr.R:17:3', 'test-bytes.R:57:3', 'test-bytes.R:128:3', 'test-c-api.R:1094:3', 'test-c-api.R:1194:3', 'test-call.R:355:3', 'test-cnd-abort.R:49:3', 'test-cnd-abort.R:90:3', 'test-cnd-abort.R:114:3', 'test-cnd-abort.R:134:3', 'test-cnd-abort.R:153:3', 'test-cnd-abort.R:260:9', 'test-cnd-abort.R:260:9', 'test-cnd-abort.R:260:9', 'test-cnd-abort.R:260:9', 'test-cnd-abort.R:260:9', 'test-cnd-abort.R:260:9', 'test-cnd-abort.R:260:9', 'test-cnd-abort.R:260:9', 'test-cnd-abort.R:260:9', 'test-cnd-abort.R:275:3', 'test-cnd-abort.R:301:3', 'test-cnd-abort.R:329:3', 'test-cnd-abort.R:335:3', 'test-cnd-abort.R:358:3', 'test-cnd-abort.R:392:3', 'test-cnd-abort.R:447:3', 'test-cnd-abort.R:474:3', 'test-cnd-abort.R:531:3', 'test-cnd-abort.R:543:3', 'test-cnd-abort.R:550:3', 'test-cnd-abort.R:558:3', 'test-cnd-abort.R:565:3', 'test-cnd-abort.R:573:3', 'test-cnd-abort.R:580:3', 'test-cnd-abort.R:591:3', 'test-cnd-abort.R:602:3', 'test-cnd-abort.R:611:3', 'test-cnd-abort.R:618:3', 'test-cnd-abort.R:670:3', 'test-cnd-abort.R:695:3', 'test-cnd-abort.R:752:3', 'test-cnd-abort.R:773:3', 'test-cnd-abort.R:813:3', 'test-cnd-abort.R:845:3', 'test-cnd-abort.R:861:3', 'test-cnd-abort.R:875:3', 'test-cnd-entrace.R:162:3', 'test-cnd-entrace.R:228:3', 'test-cnd-entrace.R:234:3', 'test-cnd-entrace.R:350:3', 'test-cnd-entrace.R:358:3', 'test-cnd-handlers.R:17:3', 'test-cnd-handlers.R:42:3', 'test-cnd-message.R:94:3', 'test-cnd-message.R:103:3', 'test-cnd-message.R:201:3', 'test-cnd-message.R:201:3', 'test-cnd-message.R:201:3', 'test-cnd-message.R:201:3', 'test-cnd-message.R:223:3', 'test-cnd-message.R:223:3', 'test-cnd-message.R:227:3', 'test-cnd-message.R:246:3', 'test-cnd-message.R:260:3', 'test-cnd-message.R:266:3', 'test-cnd-message.R:303:3', 'test-cnd-message.R:324:3', 'test-cnd-message.R:338:3', 'test-cnd-message.R:464:3', 'test-cnd-message.R:497:3', 'test-cnd-message.R:502:3', 'test-cnd-message.R:546:3', 'test-cnd-message.R:556:3', 'test-cnd-signal.R:69:3', 'test-cnd-signal.R:213:3', 'test-cnd-signal.R:261:3', 'test-cnd-signal.R:286:3', 'test-cnd-signal.R:350:3', 'test-cnd.R:22:3', 'test-cnd.R:43:3', 'test-cnd.R:76:3', 'test-cnd.R:112:3', 'test-cnd.R:134:3', 'test-cnd.R:144:3', 'test-cnd.R:150:3', 'test-cnd.R:156:3', 'test-cnd.R:176:3', 'test-cnd.R:207:3', 'test-cnd.R:233:3', 'test-cnd.R:258:3', 'test-cnd.R:284:3', 'test-cnd.R:301:3', 'test-cnd.R:325:3', 'test-cnd.R:334:3', 'test-cnd.R:355:3', 'test-deparse.R:128:3', 'test-deparse.R:286:3', 'test-deparse.R:409:3', 'test-deparse.R:418:3', 'test-deparse.R:447:3', 'test-dots-ellipsis.R:22:3', 'test-dots-ellipsis.R:39:3', 'test-dots-ellipsis.R:55:3', 'test-dots-ellipsis.R:111:3', 'test-dots-ellipsis.R:122:3', 'test-dots-ellipsis.R:134:3', 'test-dots.R:69:3', 'test-dots.R:244:3', 'test-dots.R:320:3', 'test-dots.R:351:3', 'test-env-binding.R:156:3', 'test-env.R:594:3', 'test-eval-tidy.R:513:3', 'test-eval-tidy.R:530:3', 'test-fn.R:317:3', 'test-fn.R:331:3', 'test-friendly-type.R:174:3', 'test-lifecycle.R:116:3', 'test-nse-defuse.R:95:5', 'test-nse-defuse.R:416:3', 'test-nse-defuse.R:520:3', 'test-nse-defuse.R:526:3', 'test-nse-defuse.R:618:3', 'test-nse-inject.R:650:3', 'test-nse-inject.R:686:3', 'test-nse-inject.R:827:3', 'test-operators.R:36:3', 'test-operators.R:45:3', 'test-parse.R:16:3', 'test-s3.R:70:3', 'test-session.R:9:3', 'test-session.R:17:3', 'test-session.R:42:3', 'test-session.R:55:3', 'test-session.R:135:3', 'test-session.R:173:3', 'test-session.R:192:3', 'test-session.R:202:3', 'test-session.R:212:3', 'test-stack.R:62:3', 'test-standalone-cli.R:4:3', 'test-standalone-cli.R:4:3', 'test-standalone-cli.R:27:3', 'test-standalone-cli.R:27:3', 'test-standalone-cli.R:50:3', 'test-standalone-cli.R:50:3', 'test-standalone-cli.R:57:3', 'test-standalone-cli.R:57:3', 'test-standalone-cli.R:105:3', 'test-standalone-cli.R:105:3', 'test-standalone-cli.R:105:3', 'test-standalone-cli.R:105:3', 'test-standalone-cli.R:116:3', 'test-standalone-cli.R:116:3', 'test-standalone-cli.R:116:3', 'test-standalone-cli.R:116:3', 'test-standalone-cli.R:127:3', 'test-standalone-cli.R:127:3', 'test-standalone-cli.R:127:3', 'test-standalone-cli.R:127:3', 'test-standalone-cli.R:141:3', 'test-standalone-cli.R:141:3', 'test-standalone-downstream-deps.R:50:3', 'test-standalone-obj-type.R:25:3', 'test-standalone-rlang.R:23:5', 'test-standalone-rlang.R:34:3', 'test-standalone-types-check.R:7:3', 'test-standalone-types-check.R:24:3', 'test-standalone-types-check.R:40:3', 'test-standalone-types-check.R:67:3', 'test-standalone-types-check.R:98:3', 'test-standalone-types-check.R:118:3', 'test-standalone-types-check.R:132:3', 'test-standalone-types-check.R:145:3', 'test-standalone-types-check.R:161:3', 'test-standalone-types-check.R:178:3', 'test-standalone-types-check.R:188:3', 'test-standalone-types-check.R:198:3', 'test-standalone-vctrs.R:151:3', 'test-standalone-vctrs.R:180:3', 'test-standalone-vctrs.R:225:3', 'test-state.R:19:3', 'test-sym.R:4:3', 'test-sym.R:36:3', 'test-trace.R:8:3', 'test-trace.R:36:3', 'test-trace.R:103:3', 'test-trace.R:137:3', 'test-trace.R:151:3', 'test-trace.R:164:3', 'test-trace.R:187:3', 'test-trace.R:205:3', 'test-trace.R:217:3', 'test-trace.R:252:3', 'test-trace.R:285:3', 'test-trace.R:303:3', 'test-trace.R:323:3', 'test-trace.R:328:3', 'test-trace.R:338:3', 'test-trace.R:360:3', 'test-trace.R:372:3', 'test-trace.R:395:3', 'test-trace.R:403:3', 'test-trace.R:417:3', 'test-trace.R:467:3', 'test-trace.R:564:3', 'test-trace.R:580:3', 'test-trace.R:587:3', 'test-trace.R:592:3', 'test-trace.R:618:3', 'test-trace.R:630:3', 'test-trace.R:653:3', 'test-trace.R:666:3', 'test-trace.R:684:3', 'test-trace.R:697:3', 'test-trace.R:708:3', 'test-trace.R:720:3', 'test-trace.R:731:3', 'test-trace.R:754:3', 'test-trace.R:774:3', 'test-types.R:142:3' • R7 cannot be loaded (1): 'test-standalone-obj-type.R:19:3' • getRversion() >= "4.0" is TRUE (1): 'test-cnd-entrace.R:275:3' ══ Failed tests ════════════════════════════════════════════════════════════════ ── Error ('test-eval-tidy.R:465:3'): eval_tidy() does not infloop when the quosure inherits from the mask ── Error in `eval_tidy(quo, mask)`: cycles in parent chains are not allowed Backtrace: ▆ 1. ├─testthat::expect_identical(eval_tidy(quo, mask), 1) at test-eval-tidy.R:465:3 2. │ └─testthat::quasi_label(enquo(object), label, arg = "object") 3. │ └─rlang::eval_bare(expr, quo_get_env(quo)) 4. └─rlang::eval_tidy(quo, mask) [ FAIL 1 | WARN 0 | SKIP 250 | PASS 3877 ] Error: Test failures Execution halted Flavor: r-devel-linux-x86_64-fedora-gcc

Version: 1.1.3
Check: compiled code
Result: NOTE File 'rlang/libs/x64/rlang.dll': Found non-API calls to R: 'R_ClosureExpr', 'R_PromiseExpr', 'SETLENGTH', 'SET_ENCLOS', 'SET_ENVFLAGS', 'SET_TRUELENGTH' Compiled code should not call non-API entry points in R. See 'Writing portable packages' in the 'Writing R Extensions' manual. Flavor: r-devel-windows-x86_64

Version: 1.1.3
Check: tests
Result: ERROR Running 'sink.R' [1s] Running 'testthat.R' [120s] Running the tests in 'tests/testthat.R' failed. Complete output: > # Workaround for loadNamespace() failure on R 3.2 > requireNamespace("rlang") Loading required namespace: rlang > > library("testthat") > library("rlang") Attaching package: 'rlang' The following objects are masked from 'package:testthat': is_false, is_null, is_true > > test_check("rlang") [ FAIL 1 | WARN 2 | SKIP 250 | PASS 3873 ] == Skipped tests (250) ========================================================= * Cannot set MBCS locale (1): 'test-utils.R:4:15' * Disabled (1): 'test-call.R:255:3' * Failing (1): 'test-env-binding.R:257:3' * No UTF-8 marker with this version of libiconv. (4): 'test-deprecated.R:17:3', 'test-encoding.R:2:3', 'test-encoding.R:19:3', 'test-nse-defuse.R:229:3' * No alien language string available (1): 'test-env-binding.R:394:5' * On CRAN (231): 'test-arg.R:6:3', 'test-arg.R:13:3', 'test-arg.R:22:3', 'test-arg.R:58:3', 'test-arg.R:69:3', 'test-arg.R:83:3', 'test-arg.R:221:3', 'test-arg.R:237:3', 'test-arg.R:244:3', 'test-arg.R:256:3', 'test-arg.R:264:3', 'test-arg.R:276:3', 'test-arg.R:309:3', 'test-arg.R:321:3', 'test-arg.R:329:3', 'test-attr.R:17:3', 'test-bytes.R:57:3', 'test-bytes.R:128:3', 'test-c-api.R:1094:3', 'test-c-api.R:1194:3', 'test-call.R:355:3', 'test-cnd-abort.R:49:3', 'test-cnd-abort.R:153:3', 'test-cnd-abort.R:260:9', 'test-cnd-abort.R:260:9', 'test-cnd-abort.R:260:9', 'test-cnd-abort.R:260:9', 'test-cnd-abort.R:260:9', 'test-cnd-abort.R:260:9', 'test-cnd-abort.R:260:9', 'test-cnd-abort.R:260:9', 'test-cnd-abort.R:260:9', 'test-cnd-abort.R:275:3', 'test-cnd-abort.R:301:3', 'test-cnd-abort.R:329:3', 'test-cnd-abort.R:335:3', 'test-cnd-abort.R:358:3', 'test-cnd-abort.R:392:3', 'test-cnd-abort.R:447:3', 'test-cnd-abort.R:474:3', 'test-cnd-abort.R:531:3', 'test-cnd-abort.R:543:3', 'test-cnd-abort.R:550:3', 'test-cnd-abort.R:558:3', 'test-cnd-abort.R:565:3', 'test-cnd-abort.R:573:3', 'test-cnd-abort.R:580:3', 'test-cnd-abort.R:591:3', 'test-cnd-abort.R:602:3', 'test-cnd-abort.R:611:3', 'test-cnd-abort.R:618:3', 'test-cnd-abort.R:670:3', 'test-cnd-abort.R:695:3', 'test-cnd-abort.R:752:3', 'test-cnd-abort.R:773:3', 'test-cnd-abort.R:813:3', 'test-cnd-abort.R:845:3', 'test-cnd-abort.R:861:3', 'test-cnd-entrace.R:228:3', 'test-cnd-entrace.R:234:3', 'test-cnd-entrace.R:350:3', 'test-cnd-entrace.R:358:3', 'test-cnd-handlers.R:17:3', 'test-cnd-handlers.R:42:3', 'test-cnd-message.R:94:3', 'test-cnd-message.R:103:3', 'test-cnd-message.R:201:3', 'test-cnd-message.R:201:3', 'test-cnd-message.R:201:3', 'test-cnd-message.R:201:3', 'test-cnd-message.R:223:3', 'test-cnd-message.R:223:3', 'test-cnd-message.R:227:3', 'test-cnd-message.R:246:3', 'test-cnd-message.R:260:3', 'test-cnd-message.R:266:3', 'test-cnd-message.R:303:3', 'test-cnd-message.R:324:3', 'test-cnd-message.R:338:3', 'test-cnd-message.R:464:3', 'test-cnd-message.R:497:3', 'test-cnd-message.R:502:3', 'test-cnd-message.R:546:3', 'test-cnd-message.R:556:3', 'test-cnd-signal.R:69:3', 'test-cnd-signal.R:213:3', 'test-cnd-signal.R:261:3', 'test-cnd-signal.R:286:3', 'test-cnd-signal.R:350:3', 'test-cnd.R:43:3', 'test-cnd.R:76:3', 'test-cnd.R:112:3', 'test-cnd.R:134:3', 'test-cnd.R:144:3', 'test-cnd.R:150:3', 'test-cnd.R:156:3', 'test-cnd.R:176:3', 'test-cnd.R:207:3', 'test-cnd.R:233:3', 'test-cnd.R:258:3', 'test-cnd.R:284:3', 'test-cnd.R:301:3', 'test-cnd.R:325:3', 'test-cnd.R:334:3', 'test-cnd.R:355:3', 'test-deparse.R:128:3', 'test-deparse.R:286:3', 'test-deparse.R:409:3', 'test-deparse.R:418:3', 'test-deparse.R:447:3', 'test-dots-ellipsis.R:22:3', 'test-dots-ellipsis.R:39:3', 'test-dots-ellipsis.R:55:3', 'test-dots-ellipsis.R:111:3', 'test-dots-ellipsis.R:122:3', 'test-dots-ellipsis.R:134:3', 'test-dots.R:69:3', 'test-dots.R:244:3', 'test-dots.R:320:3', 'test-dots.R:351:3', 'test-env-binding.R:156:3', 'test-env.R:594:3', 'test-eval-tidy.R:513:3', 'test-eval-tidy.R:530:3', 'test-fn.R:317:3', 'test-fn.R:331:3', 'test-friendly-type.R:174:3', 'test-lifecycle.R:116:3', 'test-nse-defuse.R:95:5', 'test-nse-defuse.R:416:3', 'test-nse-defuse.R:520:3', 'test-nse-defuse.R:526:3', 'test-nse-defuse.R:618:3', 'test-nse-inject.R:650:3', 'test-nse-inject.R:686:3', 'test-nse-inject.R:827:3', 'test-operators.R:36:3', 'test-operators.R:45:3', 'test-parse.R:16:3', 'test-s3.R:70:3', 'test-session.R:9:3', 'test-session.R:17:3', 'test-session.R:42:3', 'test-session.R:55:3', 'test-session.R:135:3', 'test-session.R:173:3', 'test-session.R:192:3', 'test-session.R:202:3', 'test-session.R:212:3', 'test-stack.R:62:3', 'test-standalone-cli.R:4:3', 'test-standalone-cli.R:4:3', 'test-standalone-cli.R:27:3', 'test-standalone-cli.R:27:3', 'test-standalone-cli.R:50:3', 'test-standalone-cli.R:50:3', 'test-standalone-cli.R:57:3', 'test-standalone-cli.R:57:3', 'test-standalone-cli.R:105:3', 'test-standalone-cli.R:105:3', 'test-standalone-cli.R:105:3', 'test-standalone-cli.R:105:3', 'test-standalone-cli.R:116:3', 'test-standalone-cli.R:116:3', 'test-standalone-cli.R:116:3', 'test-standalone-cli.R:116:3', 'test-standalone-cli.R:127:3', 'test-standalone-cli.R:127:3', 'test-standalone-cli.R:127:3', 'test-standalone-cli.R:127:3', 'test-standalone-cli.R:141:3', 'test-standalone-cli.R:141:3', 'test-standalone-downstream-deps.R:50:3', 'test-standalone-obj-type.R:25:3', 'test-standalone-rlang.R:23:5', 'test-standalone-rlang.R:34:3', 'test-standalone-types-check.R:7:3', 'test-standalone-types-check.R:24:3', 'test-standalone-types-check.R:40:3', 'test-standalone-types-check.R:67:3', 'test-standalone-types-check.R:98:3', 'test-standalone-types-check.R:118:3', 'test-standalone-types-check.R:132:3', 'test-standalone-types-check.R:145:3', 'test-standalone-types-check.R:161:3', 'test-standalone-types-check.R:178:3', 'test-standalone-types-check.R:188:3', 'test-standalone-types-check.R:198:3', 'test-standalone-vctrs.R:151:3', 'test-standalone-vctrs.R:180:3', 'test-standalone-vctrs.R:225:3', 'test-state.R:19:3', 'test-sym.R:4:3', 'test-sym.R:36:3', 'test-trace.R:8:3', 'test-trace.R:36:3', 'test-trace.R:103:3', 'test-trace.R:137:3', 'test-trace.R:151:3', 'test-trace.R:164:3', 'test-trace.R:187:3', 'test-trace.R:205:3', 'test-trace.R:217:3', 'test-trace.R:252:3', 'test-trace.R:285:3', 'test-trace.R:303:3', 'test-trace.R:323:3', 'test-trace.R:328:3', 'test-trace.R:338:3', 'test-trace.R:360:3', 'test-trace.R:372:3', 'test-trace.R:395:3', 'test-trace.R:403:3', 'test-trace.R:417:3', 'test-trace.R:467:3', 'test-trace.R:564:3', 'test-trace.R:580:3', 'test-trace.R:587:3', 'test-trace.R:592:3', 'test-trace.R:618:3', 'test-trace.R:630:3', 'test-trace.R:653:3', 'test-trace.R:666:3', 'test-trace.R:684:3', 'test-trace.R:697:3', 'test-trace.R:708:3', 'test-trace.R:720:3', 'test-trace.R:731:3', 'test-trace.R:754:3', 'test-trace.R:774:3', 'test-types.R:142:3' * On Windows (7): 'test-cnd-abort.R:72:5', 'test-cnd-abort.R:106:5', 'test-cnd-abort.R:126:5', 'test-cnd-abort.R:819:3', 'test-cnd-abort.R:869:5', 'test-cnd-entrace.R:155:3', 'test-cnd.R:14:5' * R7 cannot be loaded (1): 'test-standalone-obj-type.R:19:3' * getRversion() >= "4.0" is TRUE (1): 'test-cnd-entrace.R:275:3' * profmem must be installed. (2): 'test-dots.R:355:3', 'test-dots.R:369:5' == Failed tests ================================================================ -- Error ('test-eval-tidy.R:465:3'): eval_tidy() does not infloop when the quosure inherits from the mask -- Error in `eval_tidy(quo, mask)`: cycles in parent chains are not allowed Backtrace: x 1. +-testthat::expect_identical(eval_tidy(quo, mask), 1) at test-eval-tidy.R:465:3 2. | \-testthat::quasi_label(enquo(object), label, arg = "object") 3. | \-rlang::eval_bare(expr, quo_get_env(quo)) 4. \-rlang::eval_tidy(quo, mask) [ FAIL 1 | WARN 2 | SKIP 250 | PASS 3873 ] Error: Test failures In addition: Warning messages: 1: In parse(con, n = -1, srcfile = srcfile, encoding = "UTF-8") : argument encoding="UTF-8" is ignored in MBCS locales 2: In parse(con, n = -1, srcfile = srcfile, encoding = "UTF-8") : argument encoding="UTF-8" is ignored in MBCS locales 3: In parse(con, n = -1, srcfile = srcfile, encoding = "UTF-8") : argument encoding="UTF-8" is ignored in MBCS locales 4: In parse(con, n = -1, srcfile = srcfile, encoding = "UTF-8") : argument encoding="UTF-8" is ignored in MBCS locales Execution halted Warning message: In parse(con, n = -1, srcfile = srcfile, encoding = "UTF-8") : argument encoding="UTF-8" is ignored in MBCS locales Flavor: r-devel-windows-x86_64

Version: 1.1.3
Check: tests
Result: ERROR Running ‘sink.R’ [0s/0s] Running ‘testthat.R’ [0s/0s] Running the tests in ‘tests/testthat.R’ failed. Complete output: > # Workaround for loadNamespace() failure on R 3.2 > requireNamespace("rlang") Loading required namespace: rlang > > library("testthat") Error: package or namespace load failed for 'testthat' in loadNamespace(j <- i[[1L]], c(lib.loc, .libPaths()), versionCheck = vI[[j]]): there is no package called 'magrittr' Execution halted Flavor: r-release-macos-arm64

Version: 1.1.3
Check: package dependencies
Result: NOTE Packages suggested but not available for checking: 'cli', 'covr', 'crayon', 'fs', 'glue', 'knitr', 'magrittr', 'pillar', 'rmarkdown', 'testthat', 'tibble', 'usethis', 'vctrs', 'withr' Package which this enhances but not available for checking: ‘winch’ Flavor: r-release-macos-x86_64