Last updated on 2024-05-06 00:52:57 CEST.
Flavor | Version | Tinstall | Tcheck | Ttotal | Status | Flags |
---|---|---|---|---|---|---|
r-devel-linux-x86_64-debian-clang | 0.2.1 | 94.24 | 45.54 | 139.78 | OK | |
r-devel-linux-x86_64-debian-gcc | 0.2.1 | 97.75 | 34.90 | 132.65 | OK | |
r-devel-linux-x86_64-fedora-clang | 0.2.1 | 197.59 | NOTE | |||
r-devel-linux-x86_64-fedora-gcc | 0.2.1 | 233.68 | OK | |||
r-devel-windows-x86_64 | 0.2.1 | 82.00 | 92.00 | 174.00 | NOTE | |
r-patched-linux-x86_64 | 0.2.1 | 119.01 | 45.39 | 164.40 | OK | |
r-release-linux-x86_64 | 0.2.1 | 127.10 | 43.92 | 171.02 | OK | |
r-release-macos-arm64 | 0.2.1 | 50.00 | NOTE | |||
r-release-windows-x86_64 | 0.2.1 | 80.00 | 90.00 | 170.00 | NOTE | |
r-oldrel-macos-arm64 | 0.2.1 | 63.00 | NOTE | |||
r-oldrel-macos-x86_64 | 0.2.1 | 98.00 | NOTE | |||
r-oldrel-windows-x86_64 | 0.2.1 | 86.00 | 137.00 | 223.00 | NOTE |
Version: 0.2.1
Check: installed package size
Result: NOTE
installed size is 5.0Mb
sub-directories of 1Mb or more:
lemon 2.9Mb
libs 1.9Mb
Flavors: r-devel-linux-x86_64-fedora-clang, r-devel-windows-x86_64, r-release-macos-arm64, r-release-windows-x86_64, r-oldrel-macos-arm64, r-oldrel-macos-x86_64, r-oldrel-windows-x86_64