CRAN Package Check Results for Package rlog

Last updated on 2024-04-24 16:54:42 CEST.

Flavor Version Tinstall Tcheck Ttotal Status Flags
r-devel-linux-x86_64-debian-clang 0.1.0 1.79 22.69 24.48 NOTE
r-devel-linux-x86_64-debian-gcc 0.1.0 1.38 17.28 18.66 NOTE
r-devel-linux-x86_64-fedora-clang 0.1.0 30.57 NOTE
r-devel-linux-x86_64-fedora-gcc 0.1.0 29.77 NOTE
r-devel-windows-x86_64 0.1.0 2.00 40.00 42.00 NOTE
r-patched-linux-x86_64 0.1.0 2.05 21.41 23.46 NOTE
r-release-linux-x86_64 0.1.0 1.90 21.14 23.04 NOTE
r-release-macos-arm64 0.1.0 14.00 NOTE
r-release-windows-x86_64 0.1.0 2.00 40.00 42.00 NOTE
r-oldrel-macos-arm64 0.1.0 14.00 NOTE
r-oldrel-macos-x86_64 0.1.0 18.00 NOTE
r-oldrel-windows-x86_64 0.1.0 2.00 40.00 42.00 NOTE

Check Details

Version: 0.1.0
Check: LazyData
Result: NOTE 'LazyData' is specified without a 'data' directory Flavors: r-devel-linux-x86_64-debian-clang, r-devel-linux-x86_64-debian-gcc, r-devel-linux-x86_64-fedora-clang, r-devel-linux-x86_64-fedora-gcc, r-devel-windows-x86_64, r-patched-linux-x86_64, r-release-linux-x86_64, r-release-macos-arm64, r-release-windows-x86_64, r-oldrel-macos-arm64, r-oldrel-macos-x86_64, r-oldrel-windows-x86_64