CRAN Package Check Results for Package rmBayes

Last updated on 2024-02-29 15:53:57 CET.

Flavor Version Tinstall Tcheck Ttotal Status Flags
r-devel-linux-x86_64-debian-clang 0.1.16 1322.28 240.11 1562.39 NOTE
r-devel-linux-x86_64-debian-gcc 0.1.16 1237.11 262.95 1500.06 NOTE
r-devel-linux-x86_64-fedora-clang 0.1.16 1987.90 NOTE
r-devel-linux-x86_64-fedora-gcc 0.1.16 1713.56 NOTE
r-devel-windows-x86_64 0.1.15 1030.00 298.00 1328.00 NOTE
r-patched-linux-x86_64 0.1.16 0.02 1.86 1.88 ERROR
r-release-linux-x86_64 0.1.16 1102.35 337.34 1439.69 NOTE
r-release-macos-arm64 0.1.16 500.00 NOTE
r-release-macos-x86_64 0.1.16 496.00 NOTE
r-release-windows-x86_64 0.1.16 1305.00 375.00 1680.00 NOTE
r-oldrel-macos-arm64 0.1.16 470.00 NOTE
r-oldrel-windows-x86_64 0.1.16 1228.00 332.00 1560.00 NOTE

Check Details

Version: 0.1.16
Check: for GNU extensions in Makefiles
Result: NOTE GNU make is a SystemRequirements. Flavors: r-devel-linux-x86_64-debian-clang, r-devel-linux-x86_64-debian-gcc, r-devel-linux-x86_64-fedora-clang, r-devel-linux-x86_64-fedora-gcc, r-release-linux-x86_64, r-release-macos-arm64, r-release-macos-x86_64, r-release-windows-x86_64, r-oldrel-macos-arm64, r-oldrel-windows-x86_64

Version: 0.1.16
Check: installed package size
Result: NOTE installed size is 11.9Mb sub-directories of 1Mb or more: libs 11.5Mb Flavors: r-devel-linux-x86_64-fedora-clang, r-release-macos-arm64, r-release-macos-x86_64, r-release-windows-x86_64, r-oldrel-macos-arm64, r-oldrel-windows-x86_64

Version: 0.1.15
Check: installed package size
Result: NOTE installed size is 9.3Mb sub-directories of 1Mb or more: libs 8.9Mb Flavor: r-devel-windows-x86_64

Version: 0.1.15
Check: for GNU extensions in Makefiles
Result: NOTE GNU make is a SystemRequirements. Flavor: r-devel-windows-x86_64

Version: 0.1.16
Check: whether package can be installed
Result: ERROR Installation failed. Flavor: r-patched-linux-x86_64