CRAN Package Check Results for Package rma.exact

Last updated on 2024-05-26 15:50:01 CEST.

Flavor Version Tinstall Tcheck Ttotal Status Flags
r-devel-linux-x86_64-debian-clang 0.1.0 3.25 31.69 34.94 NOTE
r-devel-linux-x86_64-debian-gcc 0.1.0 1.96 23.77 25.73 NOTE
r-devel-linux-x86_64-fedora-clang 0.1.0 44.25 NOTE
r-devel-linux-x86_64-fedora-gcc 0.1.0 41.77 NOTE
r-devel-windows-x86_64 0.1.0 3.00 51.00 54.00 NOTE
r-patched-linux-x86_64 0.1.0 2.54 30.45 32.99 NOTE
r-release-linux-x86_64 0.1.0 2.39 29.68 32.07 NOTE
r-release-macos-arm64 0.1.0 18.00 NOTE
r-release-windows-x86_64 0.1.0 3.00 52.00 55.00 NOTE
r-oldrel-macos-arm64 0.1.0 19.00 NOTE
r-oldrel-macos-x86_64 0.1.0 26.00 NOTE
r-oldrel-windows-x86_64 0.1.0 4.00 52.00 56.00 NOTE

Check Details

Version: 0.1.0
Check: LazyData
Result: NOTE 'LazyData' is specified without a 'data' directory Flavors: r-devel-linux-x86_64-debian-clang, r-devel-linux-x86_64-debian-gcc, r-devel-linux-x86_64-fedora-clang, r-devel-linux-x86_64-fedora-gcc, r-devel-windows-x86_64, r-patched-linux-x86_64, r-release-linux-x86_64, r-release-macos-arm64, r-release-windows-x86_64, r-oldrel-macos-arm64, r-oldrel-macos-x86_64, r-oldrel-windows-x86_64