CRAN Package Check Results for Package rmytarget

Last updated on 2024-02-23 16:53:28 CET.

Flavor Version Tinstall Tcheck Ttotal Status Flags
r-devel-linux-x86_64-debian-clang 2.4.0 NOTE
r-devel-linux-x86_64-debian-gcc 2.4.0 6.00 47.81 53.81 NOTE
r-devel-linux-x86_64-fedora-clang 2.4.0 88.57 OK
r-devel-linux-x86_64-fedora-gcc 2.4.0 96.68 OK
r-devel-windows-x86_64 2.4.0 7.00 68.00 75.00 OK
r-patched-linux-x86_64 2.4.0 4.95 61.12 66.07 OK
r-release-linux-x86_64 2.4.0 4.61 61.87 66.48 OK
r-release-macos-arm64 2.4.0 39.00 OK
r-release-macos-x86_64 2.4.0 48.00 OK
r-release-windows-x86_64 2.4.0 9.00 78.00 87.00 OK
r-oldrel-macos-arm64 2.4.0 31.00 OK
r-oldrel-windows-x86_64 2.4.0 9.00 76.00 85.00 OK

Check Details

Version: 2.4.0
Check: Rd files
Result: NOTE checkRd: (-1) myTarGetClientList.Rd:33: Lost braces 33 | {MyTarget API Documenation}{https://target.my.com/doc/api/detailed/#resource_agency_clients} | ^ Flavors: r-devel-linux-x86_64-debian-clang, r-devel-linux-x86_64-debian-gcc