CRAN Package Check Results for Package rnmamod

Last updated on 2024-03-03 01:00:55 CET.

Flavor Version Tinstall Tcheck Ttotal Status Flags
r-devel-linux-x86_64-debian-clang 0.3.0 24.61 269.40 294.01 NOTE
r-devel-linux-x86_64-debian-gcc 0.3.0 21.29 195.11 216.40 NOTE
r-devel-linux-x86_64-fedora-clang 0.3.0 362.84 NOTE
r-devel-linux-x86_64-fedora-gcc 0.3.0 360.07 NOTE
r-devel-windows-x86_64 0.3.0 23.00 208.00 231.00 OK
r-patched-linux-x86_64 0.3.0 29.83 258.36 288.19 OK
r-release-linux-x86_64 0.3.0 27.08 258.28 285.36 OK
r-release-macos-arm64 0.3.0 108.00 OK
r-release-macos-x86_64 0.3.0 178.00 OK
r-release-windows-x86_64 0.3.0 35.00 261.00 296.00 OK
r-oldrel-macos-arm64 0.3.0 85.00 OK
r-oldrel-windows-x86_64 0.3.0 32.00 243.00 275.00 OK

Check Details

Version: 0.3.0
Check: Rd files
Result: NOTE checkRd: (-1) league_heatmap.Rd:177: Lost braces; missing escapes or markup? 177 | {Loukia M. Spineli}, {Chrysostomos Kalyvas}, | ^ checkRd: (-1) league_heatmap.Rd:178: Lost braces; missing escapes or markup? 178 | {Katerina Papadimitropoulou} | ^ checkRd: (-1) league_heatmap_pred.Rd:169: Lost braces; missing escapes or markup? 169 | {Loukia M. Spineli}, {Chrysostomos Kalyvas}, | ^ checkRd: (-1) league_heatmap_pred.Rd:170: Lost braces; missing escapes or markup? 170 | {Katerina Papadimitropoulou} | ^ checkRd: (-1) league_table_absolute_user.Rd:137: Lost braces 137 | code{\link{league_table_absolute}}, | ^ checkRd: (-1) mcmc_diagnostics.Rd:27: Lost braces; missing escapes or markup? 27 | \code{EM} {The estimated summary effect measure.} | ^ checkRd: (-1) mcmc_diagnostics.Rd:28: Lost braces; missing escapes or markup? 28 | \code{EM_pred} {The predicted summary effect measure.} | ^ checkRd: (-1) mcmc_diagnostics.Rd:29: Lost braces; missing escapes or markup? 29 | \code{delta} {The estimated trial-specific effect measure.} | ^ checkRd: (-1) mcmc_diagnostics.Rd:30: Lost braces; missing escapes or markup? 30 | \code{tau} {The between-trial standard deviation.} | ^ checkRd: (-1) mcmc_diagnostics.Rd:31-32: Lost braces 31 | \code{direct} {The direct estimate of the split node (see 'Value' in | ^ checkRd: (-1) mcmc_diagnostics.Rd:33-34: Lost braces 33 | \code{indirect} {The indirect estimate of the split node | ^ checkRd: (-1) mcmc_diagnostics.Rd:35-36: Lost braces 35 | \code{diff} {The inconsistency factor of the split node (see 'Value' in | ^ checkRd: (-1) mcmc_diagnostics.Rd:37: Lost braces; missing escapes or markup? 37 | \code{phi} {The informative missingness parameter.} | ^ checkRd: (-1) mcmc_diagnostics.Rd:38: Lost braces; missing escapes or markup? 38 | \code{beta} {The regression coefficient.} | ^ checkRd: (-1) rankosucra_plot.Rd:91: Lost braces; missing escapes or markup? 91 | {Loukia M. Spineli}, {Chrysostomos Kalyvas}, | ^ checkRd: (-1) rankosucra_plot.Rd:92: Lost braces; missing escapes or markup? 92 | {Katerina Papadimitropoulou} | ^ Flavors: r-devel-linux-x86_64-debian-clang, r-devel-linux-x86_64-debian-gcc, r-devel-linux-x86_64-fedora-clang, r-devel-linux-x86_64-fedora-gcc

Version: 0.3.0
Check: Rd cross-references
Result: NOTE Undeclared package ‘metafor’ in Rd xrefs Flavor: r-devel-linux-x86_64-fedora-clang