Last updated on 2024-05-21 16:53:30 CEST.
Flavor | Version | Tinstall | Tcheck | Ttotal | Status | Flags |
---|---|---|---|---|---|---|
r-devel-linux-x86_64-debian-clang | 0.1 | 111.29 | 123.55 | 234.84 | NOTE | |
r-devel-linux-x86_64-debian-gcc | 0.1 | 80.65 | 94.36 | 175.01 | NOTE | |
r-devel-linux-x86_64-fedora-clang | 0.1 | 340.66 | NOTE | |||
r-devel-linux-x86_64-fedora-gcc | 0.1 | 324.32 | NOTE | |||
r-devel-windows-x86_64 | 0.1 | 91.00 | 122.00 | 213.00 | NOTE | |
r-patched-linux-x86_64 | 0.1 | 90.25 | 121.18 | 211.43 | NOTE | |
r-release-linux-x86_64 | 0.1 | 85.03 | 118.05 | 203.08 | NOTE | |
r-release-macos-arm64 | 0.1 | 71.00 | NOTE | |||
r-release-windows-x86_64 | 0.1 | 91.00 | 127.00 | 218.00 | NOTE | |
r-oldrel-macos-arm64 | 0.1 | 83.00 | NOTE | |||
r-oldrel-macos-x86_64 | 0.1 | 141.00 | NOTE | |||
r-oldrel-windows-x86_64 | 0.1 | 115.00 | 152.00 | 267.00 | NOTE |
Version: 0.1
Check: C++ specification
Result: NOTE
Specified C++11: please drop specification unless essential
Flavors: r-devel-linux-x86_64-debian-clang, r-devel-linux-x86_64-debian-gcc, r-devel-linux-x86_64-fedora-clang, r-devel-linux-x86_64-fedora-gcc, r-devel-windows-x86_64, r-patched-linux-x86_64, r-release-linux-x86_64, r-release-macos-arm64, r-release-windows-x86_64, r-oldrel-macos-arm64, r-oldrel-macos-x86_64, r-oldrel-windows-x86_64