CRAN Package Check Results for Package rolocISCCNBS

Last updated on 2024-02-21 00:54:39 CET.

Flavor Version Tinstall Tcheck Ttotal Status Flags
r-devel-linux-x86_64-debian-clang 0.1 OK
r-devel-linux-x86_64-debian-gcc 0.1 21.57 54.02 75.59 OK
r-devel-linux-x86_64-fedora-clang 0.1 119.79 NOTE
r-devel-linux-x86_64-fedora-gcc 0.1 122.71 OK
r-devel-windows-x86_64 0.1 26.00 68.00 94.00 NOTE
r-patched-linux-x86_64 0.1 26.95 73.13 100.08 OK
r-release-linux-x86_64 0.1 20.82 71.59 92.41 OK
r-release-macos-arm64 0.1 47.00 NOTE
r-release-macos-x86_64 0.1 81.00 NOTE
r-release-windows-x86_64 0.1 33.00 72.00 105.00 NOTE
r-oldrel-macos-arm64 0.1 40.00 NOTE
r-oldrel-windows-x86_64 0.1 32.00 69.00 101.00 NOTE

Check Details

Version: 0.1
Check: installed package size
Result: NOTE installed size is 6.0Mb sub-directories of 1Mb or more: R 3.2Mb extdata 2.7Mb Flavors: r-devel-linux-x86_64-fedora-clang, r-devel-windows-x86_64, r-release-macos-arm64, r-release-macos-x86_64, r-release-windows-x86_64, r-oldrel-macos-arm64, r-oldrel-windows-x86_64