CRAN Package Check Results for Package rolog

Last updated on 2024-02-23 16:53:29 CET.

Flavor Version Tinstall Tcheck Ttotal Status Flags
r-devel-linux-x86_64-debian-clang 0.9.14 NOTE
r-devel-linux-x86_64-debian-gcc 0.9.14 24.98 48.25 73.23 NOTE
r-devel-linux-x86_64-fedora-clang 0.9.14 121.52 NOTE
r-devel-linux-x86_64-fedora-gcc 0.9.14 132.19 NOTE
r-devel-windows-x86_64 0.9.14 26.00 89.00 115.00 NOTE
r-patched-linux-x86_64 0.9.14 28.09 61.43 89.52 NOTE
r-release-linux-x86_64 0.9.14 31.05 60.59 91.64 NOTE
r-release-macos-arm64 0.9.14 43.00 NOTE
r-release-macos-x86_64 0.9.14 97.00 NOTE
r-release-windows-x86_64 0.9.14 32.00 101.00 133.00 NOTE
r-oldrel-macos-arm64 0.9.14 40.00 NOTE
r-oldrel-windows-x86_64 0.9.14 28.00 105.00 133.00 NOTE

Check Details

Version: 0.9.14
Check: for GNU extensions in Makefiles
Result: NOTE GNU make is a SystemRequirements. Flavors: r-devel-linux-x86_64-debian-clang, r-devel-linux-x86_64-debian-gcc, r-devel-linux-x86_64-fedora-clang, r-devel-linux-x86_64-fedora-gcc, r-devel-windows-x86_64, r-patched-linux-x86_64, r-release-linux-x86_64, r-release-macos-arm64, r-release-macos-x86_64, r-release-windows-x86_64, r-oldrel-macos-arm64, r-oldrel-windows-x86_64