CRAN Package Check Results for Package rosm

Last updated on 2024-06-05 00:48:57 CEST.

Flavor Version Tinstall Tcheck Ttotal Status Flags
r-devel-linux-x86_64-debian-clang 0.3.0 4.28 50.68 54.96 NOTE
r-devel-linux-x86_64-debian-gcc 0.3.0 2.61 36.81 39.42 NOTE
r-devel-linux-x86_64-fedora-clang 0.3.0 66.10 NOTE
r-devel-linux-x86_64-fedora-gcc 0.3.0 61.56 NOTE
r-devel-windows-x86_64 0.3.0 5.00 56.00 61.00 NOTE
r-patched-linux-x86_64 0.3.0 4.42 48.48 52.90 NOTE
r-release-linux-x86_64 0.3.0 3.37 47.94 51.31 NOTE
r-release-macos-arm64 0.3.0 25.00 NOTE
r-release-windows-x86_64 0.3.0 4.00 55.00 59.00 NOTE
r-oldrel-macos-arm64 0.3.0 26.00 OK
r-oldrel-macos-x86_64 0.3.0 53.00 OK
r-oldrel-windows-x86_64 0.3.0 5.00 62.00 67.00 OK

Check Details

Version: 0.3.0
Check: Rd files
Result: NOTE checkRd: (-1) osm_url_spec.Rd:23: Lost braces; missing escapes or markup? 23 | \item{server_url}{A url using `{x}`, `{y}`, and `{z}` for the x, y, and | ^ checkRd: (-1) osm_url_spec.Rd:23: Lost braces; missing escapes or markup? 23 | \item{server_url}{A url using `{x}`, `{y}`, and `{z}` for the x, y, and | ^ checkRd: (-1) osm_url_spec.Rd:23: Lost braces; missing escapes or markup? 23 | \item{server_url}{A url using `{x}`, `{y}`, and `{z}` for the x, y, and | ^ Flavors: r-devel-linux-x86_64-debian-clang, r-devel-linux-x86_64-debian-gcc, r-devel-linux-x86_64-fedora-clang, r-devel-linux-x86_64-fedora-gcc, r-devel-windows-x86_64, r-patched-linux-x86_64, r-release-linux-x86_64, r-release-macos-arm64, r-release-windows-x86_64