CRAN Package Check Results for Package rpivotTable

Last updated on 2024-03-01 16:49:31 CET.

Flavor Version Tinstall Tcheck Ttotal Status Flags
r-devel-linux-x86_64-debian-clang 0.3.0 3.34 37.91 41.25 NOTE
r-devel-linux-x86_64-debian-gcc 0.3.0 2.49 28.82 31.31 NOTE
r-devel-linux-x86_64-fedora-clang 0.3.0 51.35 NOTE
r-devel-linux-x86_64-fedora-gcc 0.3.0 61.43 NOTE
r-devel-windows-x86_64 0.3.0 4.00 52.00 56.00 OK
r-patched-linux-x86_64 0.3.0 2.38 36.18 38.56 OK
r-release-linux-x86_64 0.3.0 3.23 36.28 39.51 OK
r-release-macos-arm64 0.3.0 29.00 OK
r-release-macos-x86_64 0.3.0 41.00 OK
r-release-windows-x86_64 0.3.0 5.00 55.00 60.00 OK
r-oldrel-macos-arm64 0.3.0 21.00 OK
r-oldrel-windows-x86_64 0.3.0 6.00 59.00 65.00 OK

Check Details

Version: 0.3.0
Check: Rd files
Result: NOTE checkRd: (-1) rpivotTable.Rd:60: Lost braces; missing escapes or markup? 60 | An example is: onRefresh=htmlwidgets::JS("function(config) { Shiny.onInputChange('myPivotData', config); }") | ^ Flavors: r-devel-linux-x86_64-debian-clang, r-devel-linux-x86_64-debian-gcc, r-devel-linux-x86_64-fedora-clang, r-devel-linux-x86_64-fedora-gcc