CRAN Package Check Results for Package rquery

Last updated on 2024-02-24 08:49:49 CET.

Flavor Version Tinstall Tcheck Ttotal Status Flags
r-devel-linux-x86_64-debian-clang 1.4.99 13.05 115.38 128.43 NOTE
r-devel-linux-x86_64-debian-gcc 1.4.99 10.01 85.65 95.66 NOTE
r-devel-linux-x86_64-fedora-clang 1.4.99 153.65 OK
r-devel-linux-x86_64-fedora-gcc 1.4.99 157.79 OK
r-devel-windows-x86_64 1.4.99 11.00 119.00 130.00 OK
r-patched-linux-x86_64 1.4.99 14.36 111.94 126.30 OK
r-release-linux-x86_64 1.4.99 8.17 111.76 119.93 OK
r-release-macos-arm64 1.4.99 58.00 OK
r-release-macos-x86_64 1.4.99 134.00 OK
r-release-windows-x86_64 1.4.99 11.00 139.00 150.00 OK
r-oldrel-macos-arm64 1.4.99 43.00 OK
r-oldrel-windows-x86_64 1.4.99 18.00 123.00 141.00 OK

Check Details

Version: 1.4.99
Check: Rd files
Result: NOTE checkRd: (-1) ex.Rd:20: Lost braces 20 | Execute a ops-dag using `code{wrap()}` data as values. | ^ checkRd: (-1) sql_node.Rd:29: Lost braces; missing escapes or markup? 29 | \item{expand_braces}{logical if TRUE use {col} notation to ensure {col} is a column name.} | ^ checkRd: (-1) sql_node.Rd:29: Lost braces; missing escapes or markup? 29 | \item{expand_braces}{logical if TRUE use {col} notation to ensure {col} is a column name.} | ^ Flavors: r-devel-linux-x86_64-debian-clang, r-devel-linux-x86_64-debian-gcc