CRAN Package Check Results for Package rrr

Last updated on 2024-03-01 00:55:31 CET.

Flavor Version Tinstall Tcheck Ttotal Status Flags
r-devel-linux-x86_64-debian-clang 1.0.0 9.70 107.52 117.22 OK
r-devel-linux-x86_64-debian-gcc 1.0.0 6.39 79.17 85.56 OK
r-devel-linux-x86_64-fedora-clang 1.0.0 137.34 NOTE
r-devel-linux-x86_64-fedora-gcc 1.0.0 147.50 NOTE
r-devel-windows-x86_64 1.0.0 9.00 98.00 107.00 OK
r-patched-linux-x86_64 1.0.0 7.15 102.50 109.65 OK
r-release-linux-x86_64 1.0.0 8.23 100.77 109.00 OK
r-release-macos-arm64 1.0.0 49.00 OK
r-release-macos-x86_64 1.0.0 81.00 OK
r-release-windows-x86_64 1.0.0 11.00 116.00 127.00 OK
r-oldrel-macos-arm64 1.0.0 44.00 NOTE
r-oldrel-windows-x86_64 1.0.0 11.00 120.00 131.00 OK

Check Details

Version: 1.0.0
Check: dependencies in R code
Result: NOTE Namespace in Imports field not imported from: ‘Rcpp’ All declared Imports should be used. Flavors: r-devel-linux-x86_64-fedora-clang, r-devel-linux-x86_64-fedora-gcc, r-oldrel-macos-arm64