Last updated on 2023-09-21 17:55:54 CEST.
Flavor | Version | Tinstall | Tcheck | Ttotal | Status | Flags |
---|---|---|---|---|---|---|
r-devel-linux-x86_64-debian-clang | 0.2 | 4.80 | 35.74 | 40.54 | OK | |
r-devel-linux-x86_64-debian-gcc | 0.2 | 3.96 | 27.09 | 31.05 | OK | |
r-devel-linux-x86_64-fedora-clang | 0.2 | 53.47 | OK | |||
r-devel-linux-x86_64-fedora-gcc | 0.2 | 62.08 | OK | |||
r-devel-windows-x86_64 | 0.2 | 10.00 | 57.00 | 67.00 | OK | |
r-patched-linux-x86_64 | 0.2 | 6.19 | 34.53 | 40.72 | OK | |
r-release-linux-x86_64 | 0.2 | 4.58 | 35.10 | 39.68 | OK | |
r-release-macos-arm64 | 0.2 | 27.00 | OK | |||
r-release-macos-x86_64 | 0.2 | 40.00 | NOTE | |||
r-release-windows-x86_64 | 0.2 | 8.00 | 59.00 | 67.00 | OK | |
r-oldrel-macos-arm64 | 0.2 | 23.00 | OK | |||
r-oldrel-macos-x86_64 | 0.2 | 29.00 | OK | |||
r-oldrel-windows-x86_64 | 0.2 | 10.00 | 59.00 | 69.00 | OK |
Version: 0.2
Check: package dependencies
Result: NOTE
Package suggested but not available for checking: ‘robustbase’
Flavor: r-release-macos-x86_64
Version: 0.2
Check: Rd cross-references
Result: NOTE
Package unavailable to check Rd xrefs: ‘robustbase’
Flavor: r-release-macos-x86_64