CRAN Package Check Results for Package rscopus

Last updated on 2024-02-25 01:01:16 CET.

Flavor Version Tinstall Tcheck Ttotal Status Flags
r-devel-linux-x86_64-debian-clang 0.6.6 8.84 72.67 81.51 NOTE
r-devel-linux-x86_64-debian-gcc 0.6.6 6.21 54.11 60.32 NOTE
r-devel-linux-x86_64-fedora-clang 0.6.6 101.39 NOTE
r-devel-linux-x86_64-fedora-gcc 0.6.6 112.24 NOTE
r-devel-windows-x86_64 0.6.6 8.00 78.00 86.00 NOTE
r-patched-linux-x86_64 0.6.6 12.25 68.84 81.09 NOTE
r-release-linux-x86_64 0.6.6 6.12 69.21 75.33 NOTE
r-release-macos-arm64 0.6.6 40.00 NOTE
r-release-macos-x86_64 0.6.6 60.00 NOTE
r-release-windows-x86_64 0.6.6 11.00 89.00 100.00 NOTE
r-oldrel-macos-arm64 0.6.6 38.00 NOTE
r-oldrel-windows-x86_64 0.6.6 10.00 90.00 100.00 NOTE

Check Details

Version: 0.6.6
Check: LazyData
Result: NOTE 'LazyData' is specified without a 'data' directory Flavors: r-devel-linux-x86_64-debian-clang, r-devel-linux-x86_64-debian-gcc, r-devel-linux-x86_64-fedora-clang, r-devel-linux-x86_64-fedora-gcc, r-devel-windows-x86_64, r-patched-linux-x86_64, r-release-linux-x86_64, r-release-macos-arm64, r-release-macos-x86_64, r-release-windows-x86_64, r-oldrel-macos-arm64, r-oldrel-windows-x86_64