CRAN Package Check Results for Package rsinaica

Last updated on 2024-02-29 00:55:52 CET.

Flavor Version Tinstall Tcheck Ttotal Status Flags
r-devel-linux-x86_64-debian-clang 1.0.0 4.88 55.68 60.56 OK
r-devel-linux-x86_64-debian-gcc 1.0.0 5.32 41.66 46.98 OK
r-devel-linux-x86_64-fedora-clang 1.0.0 77.32 NOTE
r-devel-linux-x86_64-fedora-gcc 1.0.0 79.19 NOTE
r-devel-windows-x86_64 1.0.0 7.00 63.00 70.00 OK
r-patched-linux-x86_64 1.0.0 7.58 53.23 60.81 OK
r-release-linux-x86_64 1.0.0 6.84 53.55 60.39 OK
r-release-macos-arm64 1.0.0 37.00 OK
r-release-macos-x86_64 1.0.0 63.00 OK
r-release-windows-x86_64 1.0.0 9.00 70.00 79.00 OK
r-oldrel-macos-arm64 1.0.0 39.00 OK
r-oldrel-windows-x86_64 1.0.0 9.00 71.00 80.00 OK

Check Details

Version: 1.0.0
Check: data for non-ASCII characters
Result: NOTE Note: found 606 marked UTF-8 strings Flavors: r-devel-linux-x86_64-fedora-clang, r-devel-linux-x86_64-fedora-gcc