CRAN Package Check Results for Package rtf

Last updated on 2024-02-25 08:53:13 CET.

Flavor Version Tinstall Tcheck Ttotal Status Flags
r-devel-linux-x86_64-debian-clang 0.4-14.1 2.16 48.63 50.79 NOTE
r-devel-linux-x86_64-debian-gcc 0.4-14.1 2.68 38.85 41.53 NOTE
r-devel-linux-x86_64-fedora-clang 0.4-14.1 66.58 NOTE
r-devel-linux-x86_64-fedora-gcc 0.4-14.1 75.79 NOTE
r-devel-windows-x86_64 0.4-14.1 4.00 73.00 77.00 OK
r-patched-linux-x86_64 0.4-14.1 3.62 49.28 52.90 NOTE
r-release-linux-x86_64 0.4-14.1 3.10 48.51 51.61 NOTE
r-release-macos-arm64 0.4-14.1 33.00 OK
r-release-macos-x86_64 0.4-14.1 56.00 OK
r-release-windows-x86_64 0.4-14.1 5.00 71.00 76.00 OK
r-oldrel-macos-arm64 0.4-14.1 36.00 OK
r-oldrel-windows-x86_64 0.4-14.1 5.00 79.00 84.00 OK

Check Details

Version: 0.4-14.1
Check: for non-standard things in the check directory
Result: NOTE Found the following files/directories: ‘test_addPageBreak.doc’ ‘test_addPlot.doc’ ‘test_addSessionInfo.doc’ ‘test_addTable.doc’ Flavors: r-devel-linux-x86_64-debian-clang, r-devel-linux-x86_64-debian-gcc, r-devel-linux-x86_64-fedora-clang, r-devel-linux-x86_64-fedora-gcc, r-patched-linux-x86_64, r-release-linux-x86_64