CRAN Package Check Results for Package rticles

Last updated on 2024-02-21 00:54:40 CET.

Flavor Version Tinstall Tcheck Ttotal Status Flags
r-devel-linux-x86_64-debian-clang 0.26 NOTE
r-devel-linux-x86_64-debian-gcc 0.26 4.62 31.30 35.92 NOTE
r-devel-linux-x86_64-fedora-clang 0.26 56.97 NOTE
r-devel-linux-x86_64-fedora-gcc 0.26 56.91 NOTE
r-devel-windows-x86_64 0.26 8.00 54.00 62.00 NOTE
r-patched-linux-x86_64 0.26 6.24 39.76 46.00 NOTE
r-release-linux-x86_64 0.26 5.42 39.85 45.27 NOTE
r-release-macos-arm64 0.26 29.00 NOTE
r-release-macos-x86_64 0.26 40.00 NOTE
r-release-windows-x86_64 0.26 10.00 56.00 66.00 NOTE
r-oldrel-macos-arm64 0.26 29.00 NOTE
r-oldrel-windows-x86_64 0.26 11.00 48.00 59.00 NOTE

Check Details

Version: 0.26
Check: for GNU extensions in Makefiles
Result: NOTE GNU make is a SystemRequirements. Flavors: r-devel-linux-x86_64-debian-clang, r-devel-linux-x86_64-debian-gcc, r-devel-linux-x86_64-fedora-clang, r-devel-linux-x86_64-fedora-gcc, r-devel-windows-x86_64, r-patched-linux-x86_64, r-release-linux-x86_64, r-release-macos-arm64, r-release-macos-x86_64, r-release-windows-x86_64, r-oldrel-macos-arm64, r-oldrel-windows-x86_64

Version: 0.26
Check: installed package size
Result: NOTE installed size is 12.1Mb sub-directories of 1Mb or more: rmarkdown 11.8Mb Flavors: r-devel-linux-x86_64-fedora-clang, r-devel-windows-x86_64, r-release-macos-arm64, r-release-macos-x86_64, r-release-windows-x86_64, r-oldrel-macos-arm64, r-oldrel-windows-x86_64