CRAN Package Check Results for Package rts

Last updated on 2024-02-26 00:50:58 CET.

Flavor Version Tinstall Tcheck Ttotal Status Flags
r-devel-linux-x86_64-debian-clang 1.1-14 39.06 305.96 345.02 NOTE
r-devel-linux-x86_64-debian-gcc 1.1-14 35.91 228.91 264.82 NOTE
r-devel-linux-x86_64-fedora-clang 1.1-14 425.69 NOTE
r-devel-linux-x86_64-fedora-gcc 1.1-14 425.68 OK
r-devel-windows-x86_64 1.1-14 34.00 194.00 228.00 OK
r-patched-linux-x86_64 1.1-14 44.30 303.25 347.55 OK
r-release-linux-x86_64 1.1-14 46.92 296.25 343.17 OK
r-release-macos-arm64 1.1-14 106.00 OK
r-release-macos-x86_64 1.1-14 306.00 OK
r-release-windows-x86_64 1.1-14 47.00 259.00 306.00 OK
r-oldrel-macos-arm64 1.1-14 90.00 OK
r-oldrel-windows-x86_64 1.1-14 51.00 242.00 293.00 OK

Check Details

Version: 1.1-14
Check: Rd files
Result: NOTE checkRd: (-1) rts.Rd:32: Lost braces 32 | If a name of a raster time series file is provided for the \code{x} argument, it acts the same as code{\link[rts]{read.rts}}. | ^ Flavors: r-devel-linux-x86_64-debian-clang, r-devel-linux-x86_64-debian-gcc

Version: 1.1-14
Check: Rd cross-references
Result: NOTE Undeclared package ‘sp’ in Rd xrefs Flavor: r-devel-linux-x86_64-fedora-clang