Last updated on 2024-05-07 16:51:45 CEST.
Flavor | Version | Tinstall | Tcheck | Ttotal | Status | Flags |
---|---|---|---|---|---|---|
r-devel-linux-x86_64-debian-clang | 1.1-14 | 47.65 | 323.83 | 371.48 | NOTE | |
r-devel-linux-x86_64-debian-gcc | 1.1-14 | 37.83 | 225.56 | 263.39 | NOTE | |
r-devel-linux-x86_64-fedora-clang | 1.1-14 | 447.13 | NOTE | |||
r-devel-linux-x86_64-fedora-gcc | 1.1-14 | 598.46 | NOTE | |||
r-devel-windows-x86_64 | 1.1-14 | 35.00 | 193.00 | 228.00 | NOTE | |
r-patched-linux-x86_64 | 1.1-14 | 34.67 | 298.70 | 333.37 | NOTE | |
r-release-linux-x86_64 | 1.1-14 | 40.00 | 305.88 | 345.88 | NOTE | |
r-release-macos-arm64 | 1.1-14 | 99.00 | NOTE | |||
r-release-windows-x86_64 | 1.1-14 | 35.00 | 190.00 | 225.00 | NOTE | |
r-oldrel-macos-arm64 | 1.1-14 | 106.00 | OK | |||
r-oldrel-macos-x86_64 | 1.1-14 | 306.00 | OK | |||
r-oldrel-windows-x86_64 | 1.1-14 | 48.00 | 261.00 | 309.00 | OK |
Version: 1.1-14
Check: Rd files
Result: NOTE
checkRd: (-1) rts.Rd:32: Lost braces
32 | If a name of a raster time series file is provided for the \code{x} argument, it acts the same as code{\link[rts]{read.rts}}.
| ^
Flavors: r-devel-linux-x86_64-debian-clang, r-devel-linux-x86_64-debian-gcc, r-devel-linux-x86_64-fedora-clang, r-devel-linux-x86_64-fedora-gcc, r-devel-windows-x86_64, r-patched-linux-x86_64, r-release-linux-x86_64, r-release-macos-arm64, r-release-windows-x86_64
Version: 1.1-14
Check: Rd cross-references
Result: NOTE
Undeclared package ‘sp’ in Rd xrefs
Flavor: r-devel-linux-x86_64-fedora-clang