CRAN Package Check Results for Package rts2

Last updated on 2024-02-23 16:53:29 CET.

Flavor Version Tinstall Tcheck Ttotal Status Flags
r-devel-linux-x86_64-debian-clang 0.6.1 NOTE
r-devel-linux-x86_64-debian-gcc 0.6.1 1355.88 202.75 1558.63 NOTE
r-devel-linux-x86_64-fedora-clang 0.6.1 2019.42 NOTE
r-devel-linux-x86_64-fedora-gcc 0.6.1 2838.04 NOTE
r-devel-windows-x86_64 0.6.1 1059.00 253.00 1312.00 NOTE
r-patched-linux-x86_64 0.6.1 1232.31 264.87 1497.18 NOTE
r-release-linux-x86_64 0.6.1 0.01 2.24 2.25 ERROR
r-release-macos-arm64 0.6.1 498.00 NOTE
r-release-macos-x86_64 0.6.1 511.00 NOTE
r-release-windows-x86_64 0.6.1 1365.00 318.00 1683.00 NOTE
r-oldrel-macos-arm64 0.6.1 486.00 NOTE
r-oldrel-windows-x86_64 0.6.1 1290.00 292.00 1582.00 NOTE

Check Details

Version: 0.6.1
Check: package dependencies
Result: NOTE Package suggested but not available for checking: ‘cmdstanr’ Flavors: r-devel-linux-x86_64-debian-clang, r-devel-linux-x86_64-debian-gcc, r-devel-linux-x86_64-fedora-clang, r-devel-linux-x86_64-fedora-gcc, r-devel-windows-x86_64, r-patched-linux-x86_64, r-release-linux-x86_64, r-release-macos-arm64, r-release-macos-x86_64, r-release-windows-x86_64, r-oldrel-macos-arm64, r-oldrel-windows-x86_64

Version: 0.6.1
Check: for GNU extensions in Makefiles
Result: NOTE GNU make is a SystemRequirements. Flavors: r-devel-linux-x86_64-debian-clang, r-devel-linux-x86_64-debian-gcc, r-devel-linux-x86_64-fedora-clang, r-devel-linux-x86_64-fedora-gcc, r-devel-windows-x86_64, r-patched-linux-x86_64, r-release-macos-arm64, r-release-macos-x86_64, r-release-windows-x86_64, r-oldrel-macos-arm64, r-oldrel-windows-x86_64

Version: 0.6.1
Check: installed package size
Result: NOTE installed size is 15.8Mb sub-directories of 1Mb or more: data 1.5Mb libs 13.4Mb Flavors: r-devel-linux-x86_64-fedora-clang, r-devel-windows-x86_64, r-release-macos-arm64, r-release-macos-x86_64, r-release-windows-x86_64, r-oldrel-macos-arm64, r-oldrel-windows-x86_64

Version: 0.6.1
Check: whether package can be installed
Result: ERROR Installation failed. Flavor: r-release-linux-x86_64