CRAN Package Check Results for Package rubias

Last updated on 2024-02-26 16:56:36 CET.

Flavor Version Tinstall Tcheck Ttotal Status Flags
r-devel-linux-x86_64-debian-clang 0.3.4 108.80 208.10 316.90 NOTE
r-devel-linux-x86_64-debian-gcc 0.3.4 88.51 153.72 242.23 NOTE
r-devel-linux-x86_64-fedora-clang 0.3.4 431.07 NOTE
r-devel-linux-x86_64-fedora-gcc 0.3.4 443.57 NOTE
r-devel-windows-x86_64 0.3.4 86.00 209.00 295.00 NOTE
r-patched-linux-x86_64 0.3.4 75.36 208.69 284.05 NOTE
r-release-linux-x86_64 0.3.4 79.05 205.69 284.74 NOTE
r-release-macos-arm64 0.3.4 133.00 NOTE
r-release-macos-x86_64 0.3.4 220.00 NOTE
r-release-windows-x86_64 0.3.4 111.00 243.00 354.00 NOTE
r-oldrel-macos-arm64 0.3.4 113.00 NOTE
r-oldrel-windows-x86_64 0.3.4 103.00 241.00 344.00 NOTE

Additional issues

Intel

Check Details

Version: 0.3.4
Check: for GNU extensions in Makefiles
Result: NOTE GNU make is a SystemRequirements. Flavors: r-devel-linux-x86_64-debian-clang, r-devel-linux-x86_64-debian-gcc, r-devel-linux-x86_64-fedora-clang, r-devel-linux-x86_64-fedora-gcc, r-devel-windows-x86_64, r-patched-linux-x86_64, r-release-linux-x86_64, r-release-macos-arm64, r-release-macos-x86_64, r-release-windows-x86_64, r-oldrel-macos-arm64, r-oldrel-windows-x86_64