CRAN Package Check Results for Package rvest

Last updated on 2023-11-29 00:50:32 CET.

Flavor Version Tinstall Tcheck Ttotal Status Flags
r-devel-linux-x86_64-debian-clang 1.0.3 4.91 55.67 60.58 OK
r-devel-linux-x86_64-debian-gcc 1.0.3 4.37 42.34 46.71 OK
r-devel-linux-x86_64-fedora-clang 1.0.3 75.73 NOTE
r-devel-linux-x86_64-fedora-gcc 1.0.3 83.14 NOTE
r-devel-windows-x86_64 1.0.3 6.00 67.00 73.00 OK
r-patched-linux-x86_64 1.0.3 5.82 53.98 59.80 OK
r-release-linux-x86_64 1.0.3 5.39 53.41 58.80 OK
r-release-macos-arm64 1.0.3 41.00 OK
r-release-macos-x86_64 1.0.3 54.00 OK
r-release-windows-x86_64 1.0.3 8.00 73.00 81.00 OK
r-oldrel-macos-arm64 1.0.3 34.00 NOTE
r-oldrel-macos-x86_64 1.0.3 41.00 NOTE
r-oldrel-windows-x86_64 1.0.3 9.00 75.00 84.00 OK

Check Details

Version: 1.0.3
Check: dependencies in R code
Result: NOTE Namespaces in Imports field not imported from: ‘cli’ ‘withr’ All declared Imports should be used. Flavors: r-devel-linux-x86_64-fedora-clang, r-devel-linux-x86_64-fedora-gcc, r-oldrel-macos-arm64, r-oldrel-macos-x86_64