Last updated on 2024-05-21 16:53:30 CEST.
Flavor | Version | Tinstall | Tcheck | Ttotal | Status | Flags |
---|---|---|---|---|---|---|
r-devel-linux-x86_64-debian-clang | 0.1.2 | 3.09 | 43.24 | 46.33 | NOTE | |
r-devel-linux-x86_64-debian-gcc | 0.1.2 | 3.08 | 31.57 | 34.65 | NOTE | |
r-devel-linux-x86_64-fedora-clang | 0.1.2 | 58.33 | NOTE | |||
r-devel-linux-x86_64-fedora-gcc | 0.1.2 | 54.37 | NOTE | |||
r-devel-windows-x86_64 | 0.1.2 | 3.00 | 53.00 | 56.00 | NOTE | |
r-patched-linux-x86_64 | 0.1.2 | 3.65 | 39.98 | 43.63 | NOTE | |
r-release-linux-x86_64 | 0.1.2 | 3.96 | 41.28 | 45.24 | NOTE | |
r-release-macos-arm64 | 0.1.2 | 21.00 | NOTE | |||
r-release-windows-x86_64 | 0.1.2 | 3.00 | 52.00 | 55.00 | NOTE | |
r-oldrel-macos-arm64 | 0.1.2 | 20.00 | NOTE | |||
r-oldrel-macos-x86_64 | 0.1.2 | 30.00 | NOTE | |||
r-oldrel-windows-x86_64 | 0.1.2 | 4.00 | 57.00 | 61.00 | NOTE |
Version: 0.1.2
Check: package subdirectories
Result: NOTE
Problems with news in ‘NEWS.md’:
No news entries found.
Flavors: r-devel-linux-x86_64-debian-clang, r-devel-linux-x86_64-debian-gcc, r-devel-linux-x86_64-fedora-clang, r-devel-linux-x86_64-fedora-gcc, r-devel-windows-x86_64, r-patched-linux-x86_64, r-release-linux-x86_64, r-release-macos-arm64, r-release-windows-x86_64, r-oldrel-macos-arm64, r-oldrel-macos-x86_64, r-oldrel-windows-x86_64