CRAN Package Check Results for Package rwa

Last updated on 2024-02-28 16:50:46 CET.

Flavor Version Tinstall Tcheck Ttotal Status Flags
r-devel-linux-x86_64-debian-clang 0.0.3 4.42 46.73 51.15 NOTE
r-devel-linux-x86_64-debian-gcc 0.0.3 4.59 36.27 40.86 NOTE
r-devel-linux-x86_64-fedora-clang 0.0.3 67.54 NOTE
r-devel-linux-x86_64-fedora-gcc 0.0.3 61.08 NOTE
r-devel-windows-x86_64 0.0.3 6.00 55.00 61.00 NOTE
r-patched-linux-x86_64 0.0.3 3.58 44.34 47.92 NOTE
r-release-linux-x86_64 0.0.3 3.74 45.44 49.18 NOTE
r-release-macos-arm64 0.0.3 26.00 NOTE
r-release-macos-x86_64 0.0.3 33.00 NOTE
r-release-windows-x86_64 0.0.3 7.00 61.00 68.00 NOTE
r-oldrel-macos-arm64 0.0.3 25.00 NOTE
r-oldrel-windows-x86_64 0.0.3 8.00 64.00 72.00 NOTE

Check Details

Version: 0.0.3
Check: LazyData
Result: NOTE 'LazyData' is specified without a 'data' directory Flavors: r-devel-linux-x86_64-debian-clang, r-devel-linux-x86_64-debian-gcc, r-devel-linux-x86_64-fedora-clang, r-devel-linux-x86_64-fedora-gcc, r-devel-windows-x86_64, r-patched-linux-x86_64, r-release-linux-x86_64, r-release-macos-arm64, r-release-macos-x86_64, r-release-windows-x86_64, r-oldrel-macos-arm64, r-oldrel-windows-x86_64