CRAN Package Check Results for Package s20x

Last updated on 2024-02-22 00:58:41 CET.

Flavor Version Tinstall Tcheck Ttotal Status Flags
r-devel-linux-x86_64-debian-clang 3.1-40 NOTE
r-devel-linux-x86_64-debian-gcc 3.1-40 4.83 46.19 51.02 NOTE
r-devel-linux-x86_64-fedora-clang 3.1-40 83.63 OK
r-devel-linux-x86_64-fedora-gcc 3.1-40 84.07 OK
r-devel-windows-x86_64 3.1-40 7.00 78.00 85.00 OK
r-patched-linux-x86_64 3.1-40 7.95 59.82 67.77 OK
r-release-linux-x86_64 3.1-40 6.75 58.90 65.65 OK
r-release-macos-arm64 3.1-40 32.00 OK
r-release-macos-x86_64 3.1-40 52.00 OK
r-release-windows-x86_64 3.1-40 6.00 86.00 92.00 OK
r-oldrel-macos-arm64 3.1-40 34.00 OK
r-oldrel-windows-x86_64 3.1-40 10.00 78.00 88.00 OK

Check Details

Version: 3.1-40
Check: Rd files
Result: NOTE checkRd: (-1) ciReg.Rd:10: Lost braces 10 | \item{fit}{an object of class{lm}, i.e. the output from \code{\link{lm}}.} | ^ Flavors: r-devel-linux-x86_64-debian-clang, r-devel-linux-x86_64-debian-gcc