CRAN Package Check Results for Package saeTrafo

Last updated on 2024-02-22 08:54:20 CET.

Flavor Version Tinstall Tcheck Ttotal Status Flags
r-devel-linux-x86_64-debian-clang 1.0.2 OK
r-devel-linux-x86_64-debian-gcc 1.0.2 17.12 143.64 160.76 OK
r-devel-linux-x86_64-fedora-clang 1.0.2 262.76 NOTE
r-devel-linux-x86_64-fedora-gcc 1.0.2 272.82 NOTE
r-devel-windows-x86_64 1.0.2 19.00 155.00 174.00 OK
r-patched-linux-x86_64 1.0.2 25.24 184.78 210.02 OK
r-release-linux-x86_64 1.0.2 14.88 184.03 198.91 OK
r-release-macos-arm64 1.0.2 88.00 OK
r-release-macos-x86_64 1.0.2 150.00 OK
r-release-windows-x86_64 1.0.2 24.00 186.00 210.00 OK
r-oldrel-macos-arm64 1.0.2 78.00 OK
r-oldrel-windows-x86_64 1.0.2 25.00 192.00 217.00 OK

Check Details

Version: 1.0.2
Check: data for non-ASCII characters
Result: NOTE Note: found 63 marked Latin-1 strings Flavors: r-devel-linux-x86_64-fedora-clang, r-devel-linux-x86_64-fedora-gcc