CRAN Package Check Results for Package sarima

Last updated on 2024-02-23 08:53:43 CET.

Flavor Version Tinstall Tcheck Ttotal Status Flags
r-devel-linux-x86_64-debian-clang 0.9.1 NOTE
r-devel-linux-x86_64-debian-gcc 0.9.1 65.64 226.91 292.55 NOTE
r-devel-linux-x86_64-fedora-clang 0.9.1 507.17 NOTE
r-devel-linux-x86_64-fedora-gcc 0.9.1 519.52 NOTE
r-devel-windows-x86_64 0.9.1 63.00 281.00 344.00 NOTE
r-patched-linux-x86_64 0.9.1 78.26 320.57 398.83 NOTE
r-release-linux-x86_64 0.9.1 79.24 318.61 397.85 NOTE
r-release-macos-arm64 0.9.1 140.00 NOTE
r-release-macos-x86_64 0.9.1 241.00 NOTE
r-release-windows-x86_64 0.9.1 82.00 338.00 420.00 NOTE
r-oldrel-macos-arm64 0.9.1 117.00 OK
r-oldrel-windows-x86_64 0.9.1 80.00 323.00 403.00 NOTE

Check Details

Version: 0.9.1
Check: package dependencies
Result: NOTE Package suggested but not available for checking: ‘FitARMA’ Flavors: r-devel-linux-x86_64-debian-clang, r-devel-linux-x86_64-debian-gcc, r-devel-linux-x86_64-fedora-clang, r-devel-linux-x86_64-fedora-gcc, r-devel-windows-x86_64, r-patched-linux-x86_64, r-release-linux-x86_64, r-release-macos-arm64, r-release-macos-x86_64, r-release-windows-x86_64, r-oldrel-windows-x86_64

Version: 0.9.1
Check: C++ specification
Result: NOTE Specified C++11: please drop specification unless essential Flavors: r-devel-linux-x86_64-debian-clang, r-devel-linux-x86_64-debian-gcc, r-devel-linux-x86_64-fedora-clang, r-devel-linux-x86_64-fedora-gcc, r-devel-windows-x86_64, r-patched-linux-x86_64, r-release-linux-x86_64, r-release-macos-arm64, r-release-macos-x86_64, r-release-windows-x86_64