CRAN Package Check Results for Package sarsop

Last updated on 2024-02-23 00:59:40 CET.

Flavor Version Tinstall Tcheck Ttotal Status Flags
r-devel-linux-x86_64-debian-clang 0.6.14 NOTE
r-devel-linux-x86_64-debian-gcc 0.6.14 167.98 331.52 499.50 NOTE
r-devel-linux-x86_64-fedora-clang 0.6.14 799.20 NOTE
r-devel-linux-x86_64-fedora-gcc 0.6.14 728.91 NOTE
r-devel-windows-x86_64 0.6.14 13.00 426.00 439.00 NOTE
r-patched-linux-x86_64 0.6.14 217.01 357.35 574.36 NOTE
r-release-linux-x86_64 0.6.14 204.70 361.71 566.41 NOTE
r-release-macos-arm64 0.6.14 117.00 NOTE
r-release-macos-x86_64 0.6.14 196.00 NOTE
r-release-windows-x86_64 0.6.14 16.00 503.00 519.00 NOTE
r-oldrel-macos-arm64 0.6.14 110.00 NOTE
r-oldrel-windows-x86_64 0.6.14 16.00 494.00 510.00 NOTE

Check Details

Version: 0.6.14
Check: C++ specification
Result: NOTE Specified C++11: please drop specification unless essential Flavors: r-devel-linux-x86_64-debian-clang, r-devel-linux-x86_64-debian-gcc, r-devel-linux-x86_64-fedora-clang, r-devel-linux-x86_64-fedora-gcc, r-patched-linux-x86_64, r-release-linux-x86_64, r-release-macos-arm64, r-release-macos-x86_64

Version: 0.6.14
Check: installed package size
Result: NOTE installed size is 6.6Mb sub-directories of 1Mb or more: bin 5.8Mb Flavors: r-devel-windows-x86_64, r-release-macos-arm64, r-release-macos-x86_64, r-release-windows-x86_64, r-oldrel-macos-arm64, r-oldrel-windows-x86_64