Last updated on 2024-05-21 16:53:31 CEST.
Flavor | Version | Tinstall | Tcheck | Ttotal | Status | Flags |
---|---|---|---|---|---|---|
r-devel-linux-x86_64-debian-clang | 1.0.3 | 55.20 | 95.04 | 150.24 | OK | |
r-devel-linux-x86_64-debian-gcc | 1.0.3 | 36.79 | 74.10 | 110.89 | OK | |
r-devel-linux-x86_64-fedora-clang | 1.0.3 | 193.09 | OK | |||
r-devel-linux-x86_64-fedora-gcc | 1.0.3 | 195.94 | OK | |||
r-devel-windows-x86_64 | 1.0.3 | 45.00 | 105.00 | 150.00 | OK | |
r-patched-linux-x86_64 | 1.0.3 | 37.30 | 93.91 | 131.21 | OK | |
r-release-linux-x86_64 | 1.0.3 | 38.32 | 94.88 | 133.20 | OK | |
r-release-macos-arm64 | 1.0.3 | 57.00 | NOTE | |||
r-release-windows-x86_64 | 1.0.3 | 41.00 | 112.00 | 153.00 | OK | |
r-oldrel-macos-arm64 | 1.0.3 | 57.00 | NOTE | |||
r-oldrel-macos-x86_64 | 1.0.3 | 88.00 | NOTE | |||
r-oldrel-windows-x86_64 | 1.0.3 | 53.00 | 123.00 | 176.00 | OK |
Version: 1.0.3
Check: installed package size
Result: NOTE
installed size is 5.4Mb
sub-directories of 1Mb or more:
data 2.3Mb
libs 3.0Mb
Flavors: r-release-macos-arm64, r-oldrel-macos-arm64, r-oldrel-macos-x86_64