CRAN Package Check Results for Package sbo

Last updated on 2024-02-29 00:55:53 CET.

Flavor Version Tinstall Tcheck Ttotal Status Flags
r-devel-linux-x86_64-debian-clang 0.5.0 137.79 173.54 311.33 NOTE
r-devel-linux-x86_64-debian-gcc 0.5.0 97.95 130.00 227.95 NOTE
r-devel-linux-x86_64-fedora-clang 0.5.0 422.25 NOTE
r-devel-linux-x86_64-fedora-gcc 0.5.0 415.68 NOTE
r-devel-windows-x86_64 0.5.0 97.00 159.00 256.00 NOTE
r-patched-linux-x86_64 0.5.0 91.39 165.52 256.91 NOTE
r-release-linux-x86_64 0.5.0 91.20 165.36 256.56 NOTE
r-release-macos-arm64 0.5.0 145.00 NOTE
r-release-macos-x86_64 0.5.0 245.00 NOTE
r-release-windows-x86_64 0.5.0 123.00 201.00 324.00 NOTE
r-oldrel-macos-arm64 0.5.0 101.00 NOTE
r-oldrel-windows-x86_64 0.5.0 123.00 199.00 322.00 NOTE

Check Details

Version: 0.5.0
Check: C++ specification
Result: NOTE Specified C++11: please drop specification unless essential Flavors: r-devel-linux-x86_64-debian-clang, r-devel-linux-x86_64-debian-gcc, r-devel-linux-x86_64-fedora-clang, r-devel-linux-x86_64-fedora-gcc, r-devel-windows-x86_64, r-patched-linux-x86_64, r-release-linux-x86_64, r-release-macos-arm64, r-release-macos-x86_64, r-release-windows-x86_64

Version: 0.5.0
Check: installed package size
Result: NOTE installed size is 5.4Mb sub-directories of 1Mb or more: data 3.9Mb libs 1.2Mb Flavors: r-devel-windows-x86_64, r-release-macos-arm64, r-release-macos-x86_64, r-release-windows-x86_64, r-oldrel-macos-arm64, r-oldrel-windows-x86_64